{"id":11493,"date":"2020-03-17T08:40:06","date_gmt":"2020-03-17T07:40:06","guid":{"rendered":"https:\/\/home.graf-rasso-gymnasium.de\/home\/?page_id=11493"},"modified":"2022-02-28T12:16:15","modified_gmt":"2022-02-28T11:16:15","slug":"beschaeftigung-und-bildung","status":"publish","type":"page","link":"https:\/\/home.graf-rasso-gymnasium.de\/home\/beschaeftigung-und-bildung\/","title":{"rendered":"Corona: Besch\u00e4ftigung und Bildung"},"content":{"rendered":"\n<p>Wer die Zeit sinnvoll zu verbringen wei\u00df: Gut!<br \/>Wer alle Arbeiten f\u00fcr die Schule erledigen kann: Gut!<br \/>Wer Besch\u00e4ftigung findet, zu Hause: Gut!<\/p>\n\n\n\n<p>Wer Anregungen braucht f\u00fcr Besch\u00e4ftigung, f\u00fcr die haben wir hier welche zusammengestellt. Wir aktualisieren das immer wieder mal, das sind nur informelle Vorschl\u00e4ge, falls einem die Decke auf den Kopf f\u00e4llt:<\/p>\n\n\n\n<ul class=\"wp-block-list\"><li>Schulfernsehen, jeden Vormittag, oder in den Mediatheken.<\/li><li>Morgengymnastik: Im Bayerischen Fernsehen und sicher auch anderswo gibt es Sendungen dazu, und auf Youtube ohnehin. W\u00e4re ein sch\u00f6ner routinehafter Einstieg in den Tag.<\/li><li>Oder gleich <a href=\"https:\/\/www.youtube.com\/watch?list=PLui6Eyny-UzzFFfpiil94CUrWKVMaqmkm&amp;v=KWBfQjuwp4E\">30 Tage Yoga mit Adriene, <\/a>oder ein anderer Youtube-Kanal. (<a href=\"https:\/\/www.youtube.com\/watch?v=olNR0RNaXyU&amp;feature=youtu.be\">Albas t\u00e4gliche Sportstunde.<\/a>)<\/li><li>B\u00fccher lesen. Auch am Handy, mit einem Epub-Reader (Android: Lithium, FBReader; IOS: iBooks). Man findet viele kostenlose B\u00fccher im Format Epub im Web. Sonst: E-Mail an Lehrer oder Lehrerinnen, die sich mit so etwas auskennen! <a href=\"http:\/\/home.graf-rasso-gymnasium.de\/!zuhause\/Bibliothek\/\">Auf unserem Schulserver gibt es auch ein paar zum Ausprobieren.<\/a><\/li><li>Schulb\u00fccher lesen. Einfach so.<\/li><li>Den Haushalt \u00fcbernehmen: Putzen, Aufr\u00e4ufen, Gartenarbeiten.<\/li><li>Zeitung lesen, zum Beispiel mit der S\u00fcddeutschen Zeitung, der App daf\u00fcr und dem Schulpasswort.<\/li><li>Filme anschauen! Die Klassiker: <a href=\"https:\/\/archive.org\/details\/Casablanca1942IngridBergmanHumphreyBogart\">Casablanca<\/a> (1942, englisch), oder <a href=\"https:\/\/duckduckgo.com\/?t=ffab&amp;q=urmel+aus+dem+eis&amp;ia=videos&amp;iax=videos\">Urmel aus dem Eis<\/a> (Augsburger Puppenkiste, 1969) etwa. Dann lernt man auch gleich Englisch. (Wer wei\u00df, wie&#8217;s technisch geht: datensparsamer ist es, den Film auf einmal herunterzuladen.)<\/li><li>Podcasts anh\u00f6ren.<\/li><li>H\u00f6rb\u00fccher anh\u00f6ren: Auf <a href=\"http:\/\/librivox.org\/\">LibriVox <\/a>gibt es eine gro\u00dfe Auswahl kostenloser H\u00f6rb\u00fccher (von allerdings unterschiedlicher Qualit\u00e4t). Andere Seiten \u00f6ffnen gerade ihre Archive. (Herr Rau hat eine Sammlung von 10.000 amerikanischen Radiosendungen der 1930er &#8211; 1950er Jahre, falls sich jemand f\u00fcr dieses obskure Hobby interessiert.)<\/li><li>Musik machen: jetzt endlich Ukulele lernen? <\/li><li>Polnisch? S\u00fcanisch? Franz\u00f6sisch? Eine Sprache lernen, EInsteigerkurse kostenlos bei <a href=\"https:\/\/www.duolingo.com\/\">Duolingo<\/a> (App oder Webseite).<\/li><li>Jonglieren lernen, Anleitungen bei Youtube.<\/li><li>Spielen &#8211; Brettspiele, Kartenspiele oder auch Computerspiele. Online-Spiele sind eine gute M\u00f6glichkeit, sozialen Kontakt mit anderen zu halten.<\/li><li>Apropos Spiele: Hier kann man kostenlos und werbefrei endlich mal <a href=\"https:\/\/lichess.org\/\">Schach lernen und spielen.<\/a><\/li><li>Wer Kontakt such und alt genug f\u00fcr soziale Medien ist: https:\/\/twitter.com\/herr_rau freut sich \u00fcber Nachrichten &#8211; da holt der sich n\u00e4mlich Informationen und Austausch und so.<\/li><li>Einen (kostenlosen) Online-Programmierkurs mitmachen, hier <a href=\"http:\/\/java.holgertrampe.de\/\">f\u00fcr Java<\/a> oder <a href=\"https:\/\/cscircles.cemc.uwaterloo.ca\/de\/\">f\u00fcr Python.<\/a><\/li><li>Malen oder zeichnen.<\/li><li>Eine virtuelle Museumstour machen:<ul><li><a href=\"https:\/\/artsandculture.google.com\/entity\/pergamon\/m05tcm?hl=en\">Pergamon-Museum, Berlin<\/a> <\/li><li><a href=\"https:\/\/artsandculture.google.com\/streetview\/solomon-r-guggenheim-museum-interior-streetview\/jAHfbv3JGM2KaQ?hl=en&amp;sv_lng=-73.95902634325634&amp;sv_lat=40.78285751667664&amp;sv_h=30.75703204567916&amp;sv_p=0.06928383072430222&amp;sv_pid=MfnUmHRyOSzMtY3vtYU05g&amp;sv_z=0.9645743015259166\">Guggenheim Museum, New York<\/a><\/li><li><a href=\"https:\/\/britishmuseum.withgoogle.com\/\">British Museum, London<\/a><\/li><li><a href=\"https:\/\/artsandculture.google.com\/partner\/musee-dorsay-paris?hl=en\">Mus\u00e9e d&#8217;Orsay, Paris<\/a><\/li><\/ul><\/li><li>Ein Gedicht auswendig lernen, vielleicht sogar ein langes, um G\u00e4ste bei Einladungen der Eltern zu schockieren. <\/li><li>Kochen lernen!<\/li><li>Weil Schulradeln so viel Spa\u00df gemacht hat, jetzt mit der Klasse oder der Familie bei der Aktion \u201eFahrRad\u201c anmelden und f\u00fcrs Klima oder auch f\u00fcr nette Preise Kilometer sammeln: <a href=\"https:\/\/www.klima-tour.de\/\">https:\/\/www.klima-tour.de\/<\/a><\/li><\/ul>\n\n\n\n<p><\/p>\n","protected":false},"excerpt":{"rendered":"<p>Wer die Zeit sinnvoll zu verbringen wei\u00df: Gut!Wer alle Arbeiten f\u00fcr die Schule erledigen kann: Gut!Wer Besch\u00e4ftigung findet, zu Hause: Gut! Wer Anregungen braucht f\u00fcr Besch\u00e4ftigung, f\u00fcr die haben wir hier welche zusammengestellt. Wir aktualisieren das immer wieder mal, das sind nur informelle Vorschl\u00e4ge, falls einem die Decke auf den Kopf f\u00e4llt: Schulfernsehen, jeden Vormittag, [&hellip;]<\/p>\n","protected":false},"author":2,"featured_media":0,"parent":0,"menu_order":0,"comment_status":"closed","ping_status":"closed","template":"","meta":{"footnotes":""},"class_list":["post-11493","page","type-page","status-publish","hentry"],"_links":{"self":[{"href":"https:\/\/home.graf-rasso-gymnasium.de\/home\/wp-json\/wp\/v2\/pages\/11493","targetHints":{"allow":["GET"]}}],"collection":[{"href":"https:\/\/home.graf-rasso-gymnasium.de\/home\/wp-json\/wp\/v2\/pages"}],"about":[{"href":"https:\/\/home.graf-rasso-gymnasium.de\/home\/wp-json\/wp\/v2\/types\/page"}],"author":[{"embeddable":true,"href":"https:\/\/home.graf-rasso-gymnasium.de\/home\/wp-json\/wp\/v2\/users\/2"}],"replies":[{"embeddable":true,"href":"https:\/\/home.graf-rasso-gymnasium.de\/home\/wp-json\/wp\/v2\/comments?post=11493"}],"version-history":[{"count":35,"href":"https:\/\/home.graf-rasso-gymnasium.de\/home\/wp-json\/wp\/v2\/pages\/11493\/revisions"}],"predecessor-version":[{"id":13412,"href":"https:\/\/home.graf-rasso-gymnasium.de\/home\/wp-json\/wp\/v2\/pages\/11493\/revisions\/13412"}],"wp:attachment":[{"href":"https:\/\/home.graf-rasso-gymnasium.de\/home\/wp-json\/wp\/v2\/media?parent=11493"}],"curies":[{"name":"wp","href":"https:\/\/api.w.org\/{rel}","templated":true}]}}