{"id":14258,"date":"2022-07-27T17:21:08","date_gmt":"2022-07-27T15:21:08","guid":{"rendered":"https:\/\/home.graf-rasso-gymnasium.de\/home\/?page_id=14258"},"modified":"2026-01-17T13:08:31","modified_gmt":"2026-01-17T12:08:31","slug":"stufenbetreuung","status":"publish","type":"page","link":"https:\/\/home.graf-rasso-gymnasium.de\/home\/stufenbetreuung\/","title":{"rendered":"Stufenbetreuung"},"content":{"rendered":"\n<p class=\"has-text-align-center\"><\/p>\n\n\n\n<figure class=\"wp-block-image aligncenter size-large\"><a href=\"https:\/\/home.graf-rasso-gymnasium.de\/home\/files\/2022\/07\/2024-25\/2025-11-19_GRG-SB_04_web.jpg\" target=\"_blank\" rel=\"noreferrer noopener\"><img loading=\"lazy\" decoding=\"async\" width=\"1024\" height=\"682\" src=\"https:\/\/home.graf-rasso-gymnasium.de\/home\/files\/2022\/07\/2024-25\/2025-11-19_GRG-SB_04_web-1024x682.jpg\" alt=\"\" class=\"wp-image-18444\" srcset=\"https:\/\/home.graf-rasso-gymnasium.de\/home\/files\/2022\/07\/2024-25\/2025-11-19_GRG-SB_04_web-1024x682.jpg 1024w, https:\/\/home.graf-rasso-gymnasium.de\/home\/files\/2022\/07\/2024-25\/2025-11-19_GRG-SB_04_web-300x200.jpg 300w, https:\/\/home.graf-rasso-gymnasium.de\/home\/files\/2022\/07\/2024-25\/2025-11-19_GRG-SB_04_web-768x512.jpg 768w, https:\/\/home.graf-rasso-gymnasium.de\/home\/files\/2022\/07\/2024-25\/2025-11-19_GRG-SB_04_web-1536x1023.jpg 1536w, https:\/\/home.graf-rasso-gymnasium.de\/home\/files\/2022\/07\/2024-25\/2025-11-19_GRG-SB_04_web.jpg 2048w\" sizes=\"auto, (max-width: 1024px) 100vw, 1024px\" \/><\/a><\/figure>\n\n\n\n<p class=\"has-text-align-left\">Die Unterstufenbetreuerin Frau Hattendorf und der Mittelstufenbetreuer Herr Schadl sind die Ansprechpartner f\u00fcr Sch\u00fclerinnen und Sch\u00fcler, Eltern und Lehrer der Unterstufenklassen (5.-7. Klasse) bzw. der Mittelstufenklassen (8.-10. Klasse) in allen schulischen Belangen.\u00a0<br \/>In der Unterstufe steht dabei insbesondere der \u00dcbertritt aus der Grundschule (z.B. Lernen lernen, Kennenlerntage) im Mittelpunkt, in der Mittelstufe der \u00dcbergang vom Kind zum jungen Erwachsenen; bei beiden liegt das Hauptaugenmerk darauf, die Sch\u00fclerinnen und Sch\u00fcler dabei zu unterst\u00fctzen, ihre individuellen St\u00e4rken zu erkennen und auszubauen.<br \/>All dies geschieht in enger Zusammenarbeit mit der Schulleitung, dem Beratungsteam der Schule sowie den Verbindungslehrkr\u00e4ften.<\/p>\n\n\n\n<p><\/p>\n\n\n\n<p class=\"has-text-align-center\"><\/p>\n","protected":false},"excerpt":{"rendered":"<p>Die Unterstufenbetreuerin Frau Hattendorf und der Mittelstufenbetreuer Herr Schadl sind die Ansprechpartner f\u00fcr Sch\u00fclerinnen und Sch\u00fcler, Eltern und Lehrer der Unterstufenklassen (5.-7. Klasse) bzw. der Mittelstufenklassen (8.-10. Klasse) in allen schulischen Belangen.\u00a0In der Unterstufe steht dabei insbesondere der \u00dcbertritt aus der Grundschule (z.B. Lernen lernen, Kennenlerntage) im Mittelpunkt, in der Mittelstufe der \u00dcbergang vom Kind [&hellip;]<\/p>\n","protected":false},"author":18,"featured_media":0,"parent":0,"menu_order":0,"comment_status":"closed","ping_status":"closed","template":"","meta":{"footnotes":""},"class_list":["post-14258","page","type-page","status-publish","hentry"],"_links":{"self":[{"href":"https:\/\/home.graf-rasso-gymnasium.de\/home\/wp-json\/wp\/v2\/pages\/14258","targetHints":{"allow":["GET"]}}],"collection":[{"href":"https:\/\/home.graf-rasso-gymnasium.de\/home\/wp-json\/wp\/v2\/pages"}],"about":[{"href":"https:\/\/home.graf-rasso-gymnasium.de\/home\/wp-json\/wp\/v2\/types\/page"}],"author":[{"embeddable":true,"href":"https:\/\/home.graf-rasso-gymnasium.de\/home\/wp-json\/wp\/v2\/users\/18"}],"replies":[{"embeddable":true,"href":"https:\/\/home.graf-rasso-gymnasium.de\/home\/wp-json\/wp\/v2\/comments?post=14258"}],"version-history":[{"count":7,"href":"https:\/\/home.graf-rasso-gymnasium.de\/home\/wp-json\/wp\/v2\/pages\/14258\/revisions"}],"predecessor-version":[{"id":18446,"href":"https:\/\/home.graf-rasso-gymnasium.de\/home\/wp-json\/wp\/v2\/pages\/14258\/revisions\/18446"}],"wp:attachment":[{"href":"https:\/\/home.graf-rasso-gymnasium.de\/home\/wp-json\/wp\/v2\/media?parent=14258"}],"curies":[{"name":"wp","href":"https:\/\/api.w.org\/{rel}","templated":true}]}}