{"id":1457,"date":"2013-07-20T22:00:16","date_gmt":"2013-07-20T20:00:16","guid":{"rendered":"https:\/\/home.graf-rasso-gymnasium.de\/home\/?page_id=1457"},"modified":"2026-02-10T11:38:58","modified_gmt":"2026-02-10T10:38:58","slug":"deutsch","status":"publish","type":"page","link":"https:\/\/home.graf-rasso-gymnasium.de\/home\/faecher\/deutsch\/","title":{"rendered":"Deutsch"},"content":{"rendered":"\n<figure class=\"wp-block-image aligncenter size-full is-resized\"><img loading=\"lazy\" decoding=\"async\" width=\"1024\" height=\"1024\" src=\"https:\/\/home.graf-rasso-gymnasium.de\/home\/files\/2026\/02\/2024-25\/Deutsch.png\" alt=\"\" class=\"wp-image-18669\" style=\"width:400px\" srcset=\"https:\/\/home.graf-rasso-gymnasium.de\/home\/files\/2026\/02\/2024-25\/Deutsch.png 1024w, https:\/\/home.graf-rasso-gymnasium.de\/home\/files\/2026\/02\/2024-25\/Deutsch-300x300.png 300w, https:\/\/home.graf-rasso-gymnasium.de\/home\/files\/2026\/02\/2024-25\/Deutsch-768x768.png 768w\" sizes=\"auto, (max-width: 1024px) 100vw, 1024px\" \/><\/figure>\n\n\n\n<p class=\"has-text-align-center\"><em>\u201eIch f\u00fcrchte mich so vor der Menschen Wort.<br \/>&nbsp;Sie sprechen alles so deutlich aus:<br \/>&nbsp;Und dieses hei\u00dft Hund und jenes hei\u00dft Haus,<br \/>&nbsp;und hier ist Beginn und das Ende ist dort.\u201c<\/em><\/p>\n\n\n\n<p class=\"has-text-align-center\">(Rainer Maria Rilke, 1898)<\/p>\n\n\n\n<div style=\"height:50px\" aria-hidden=\"true\" class=\"wp-block-spacer\"><\/div>\n\n\n\n<p>Als Leitfach gymnasialer Schulbildung stellt Deutsch die \u201eKompetenzkompetenz\u201c, indem im Umgang mit literarischen und pragmatischen Texten sowohl die Verstehensleistung geschult als auch die Teilhabe am kulturellen Leben erm\u00f6glicht werden. Im Zentrum des Faches steht die Untersuchung von Sprache als Mittel der Verst\u00e4ndigung, zum Zwecke der Deutung von Literatur, jedoch auch der Reflexion&nbsp;gro\u00dfer Sprachmodelle.&nbsp;Ziel bleibt die F\u00e4higkeit zur angemessen m\u00fcndlichen, vornehmlich aber schriftlichen Kommunikation.<\/p>\n","protected":false},"excerpt":{"rendered":"<p>\u201eIch f\u00fcrchte mich so vor der Menschen Wort.&nbsp;Sie sprechen alles so deutlich aus:&nbsp;Und dieses hei\u00dft Hund und jenes hei\u00dft Haus,&nbsp;und hier ist Beginn und das Ende ist dort.\u201c (Rainer Maria Rilke, 1898) Als Leitfach gymnasialer Schulbildung stellt Deutsch die \u201eKompetenzkompetenz\u201c, indem im Umgang mit literarischen und pragmatischen Texten sowohl die Verstehensleistung geschult als auch die [&hellip;]<\/p>\n","protected":false},"author":2,"featured_media":0,"parent":1491,"menu_order":0,"comment_status":"closed","ping_status":"closed","template":"","meta":{"footnotes":""},"class_list":["post-1457","page","type-page","status-publish","hentry"],"_links":{"self":[{"href":"https:\/\/home.graf-rasso-gymnasium.de\/home\/wp-json\/wp\/v2\/pages\/1457","targetHints":{"allow":["GET"]}}],"collection":[{"href":"https:\/\/home.graf-rasso-gymnasium.de\/home\/wp-json\/wp\/v2\/pages"}],"about":[{"href":"https:\/\/home.graf-rasso-gymnasium.de\/home\/wp-json\/wp\/v2\/types\/page"}],"author":[{"embeddable":true,"href":"https:\/\/home.graf-rasso-gymnasium.de\/home\/wp-json\/wp\/v2\/users\/2"}],"replies":[{"embeddable":true,"href":"https:\/\/home.graf-rasso-gymnasium.de\/home\/wp-json\/wp\/v2\/comments?post=1457"}],"version-history":[{"count":84,"href":"https:\/\/home.graf-rasso-gymnasium.de\/home\/wp-json\/wp\/v2\/pages\/1457\/revisions"}],"predecessor-version":[{"id":18677,"href":"https:\/\/home.graf-rasso-gymnasium.de\/home\/wp-json\/wp\/v2\/pages\/1457\/revisions\/18677"}],"up":[{"embeddable":true,"href":"https:\/\/home.graf-rasso-gymnasium.de\/home\/wp-json\/wp\/v2\/pages\/1491"}],"wp:attachment":[{"href":"https:\/\/home.graf-rasso-gymnasium.de\/home\/wp-json\/wp\/v2\/media?parent=1457"}],"curies":[{"name":"wp","href":"https:\/\/api.w.org\/{rel}","templated":true}]}}

<figure class="wp-block-image aligncenter size-full is-resized"><img loading="lazy" decoding="async" width="1024" height="1024" src="https://home.graf-rasso-gymnasium.de/home/files/2026/02/2024-25/Deutsch.png" alt="" class="wp-image-18669" style="width:400px" srcset="https://home.graf-rasso-gymnasium.de/home/files/2026/02/2024-25/Deutsch.png 1024w, https://home.graf-rasso-gymnasium.de/home/files/2026/02/2024-25/Deutsch-300x300.png 300w, https://home.graf-rasso-gymnasium.de/home/files/2026/02/2024-25/Deutsch-768x768.png 768w" sizes="auto, (max-width: 1024px) 100vw, 1024px" /></figure>



<p class="has-text-align-center"><em>„Ich fürchte mich so vor der Menschen Wort.<br />&nbsp;Sie sprechen alles so deutlich aus:<br />&nbsp;Und dieses heißt Hund und jenes heißt Haus,<br />&nbsp;und hier ist Beginn und das Ende ist dort.“</em></p>



<p class="has-text-align-center">(Rainer Maria Rilke, 1898)</p>



<div style="height:50px" aria-hidden="true" class="wp-block-spacer"></div>



<p>Als Leitfach gymnasialer Schulbildung stellt Deutsch die „Kompetenzkompetenz“, indem im Umgang mit literarischen und pragmatischen Texten sowohl die Verstehensleistung geschult als auch die Teilhabe am kulturellen Leben ermöglicht werden. Im Zentrum des Faches steht die Untersuchung von Sprache als Mittel der Verständigung, zum Zwecke der Deutung von Literatur, jedoch auch der Reflexion&nbsp;großer Sprachmodelle.&nbsp;Ziel bleibt die Fähigkeit zur angemessen mündlichen, vornehmlich aber schriftlichen Kommunikation.</p>

<p>„Ich fürchte mich so vor der Menschen Wort.&nbsp;Sie sprechen alles so deutlich aus:&nbsp;Und dieses heißt Hund und jenes heißt Haus,&nbsp;und hier ist Beginn und das Ende ist dort.“ (Rainer Maria Rilke, 1898) Als Leitfach gymnasialer Schulbildung stellt Deutsch die „Kompetenzkompetenz“, indem im Umgang mit literarischen und pragmatischen Texten sowohl die Verstehensleistung geschult als auch die [&hellip;]</p>
