{"id":14997,"date":"2022-12-13T15:13:40","date_gmt":"2022-12-13T14:13:40","guid":{"rendered":"https:\/\/home.graf-rasso-gymnasium.de\/home\/?page_id=14997"},"modified":"2026-01-17T13:35:11","modified_gmt":"2026-01-17T12:35:11","slug":"beratungslehrerin-schullaufbahnberatung","status":"publish","type":"page","link":"https:\/\/home.graf-rasso-gymnasium.de\/home\/beratungslehrerin-schullaufbahnberatung\/","title":{"rendered":"Beratungslehrerin (Schullaufbahnberatung)"},"content":{"rendered":"\n<p class=\"has-text-align-center has-x-large-font-size\">Anja Stoecker<\/p>\n\n\n\n<p class=\"has-text-align-center\">Sprechstunde nach Vereinbarung<\/p>\n\n\n\n<p class=\"has-text-align-center\"><a rel=\"noreferrer noopener\" href=\"mailto:anja.stoecker@schule.bayern.de\" target=\"_blank\">anja.stoecker@schule.bayern.de<\/a><\/p>\n\n\n\n<p class=\"has-text-align-center\">Telefon: 08141 \/ 6111 \u2013 450<\/p>\n\n\n\n<figure class=\"wp-block-image aligncenter size-large is-resized is-style-default\"><img loading=\"lazy\" decoding=\"async\" width=\"768\" height=\"1024\" src=\"https:\/\/home.graf-rasso-gymnasium.de\/home\/files\/2022-23\/F62EA81B-1087-4B4D-B119-9C58A80F68B8-768x1024.jpeg\" alt=\"\" class=\"wp-image-15726\" style=\"width:435px;height:auto\" srcset=\"https:\/\/home.graf-rasso-gymnasium.de\/home\/files\/2022-23\/F62EA81B-1087-4B4D-B119-9C58A80F68B8-768x1024.jpeg 768w, https:\/\/home.graf-rasso-gymnasium.de\/home\/files\/2022-23\/F62EA81B-1087-4B4D-B119-9C58A80F68B8-225x300.jpeg 225w, https:\/\/home.graf-rasso-gymnasium.de\/home\/files\/2022-23\/F62EA81B-1087-4B4D-B119-9C58A80F68B8-1152x1536.jpeg 1152w, https:\/\/home.graf-rasso-gymnasium.de\/home\/files\/2022-23\/F62EA81B-1087-4B4D-B119-9C58A80F68B8-1536x2048.jpeg 1536w, https:\/\/home.graf-rasso-gymnasium.de\/home\/files\/2022-23\/F62EA81B-1087-4B4D-B119-9C58A80F68B8-scaled.jpeg 1920w\" sizes=\"auto, (max-width: 768px) 100vw, 768px\" \/><\/figure>\n\n\n\n<p class=\"has-text-align-left\">Gerne vereinbare ich auch au\u00dferhalb der Sprechstunden einen Termin mit Ihnen.<br \/>Um auch zu den Sprechstunden unn\u00f6tige Wartezeiten f\u00fcr Sie zu vermeiden, bitte ich Sie um vorherige Terminvereinbarung.<\/p>\n\n\n\n<ul class=\"wp-block-list\">\n<li><a href=\"http:\/\/www.schulberatung.bayern.de\" target=\"_blank\" rel=\"noreferrer noopener\">http:\/\/www.schulberatung.bayern.de<\/a><\/li>\n\n\n\n<li><a href=\"https:\/\/home.graf-rasso-gymnasium.de\/home\/files\/2024\/11\/2024-25\/Lernen-lernen-Elternabend-2024-Homepage.pdf\" target=\"_blank\" rel=\"noreferrer noopener\">Elternabend 5. Klassen Lernen lernen (pdf)<\/a><\/li>\n\n\n\n<li><a rel=\"noreferrer noopener\" href=\"https:\/\/home.graf-rasso-gymnasium.de\/home\/files\/2021-22\/Praesentation_Uebertritt_Gymnasium_GRG.pdf\" target=\"_blank\">Pr\u00e4sentation: Informationsabend zum \u00dcbertritt (pdf)<\/a><\/li>\n\n\n\n<li><a href=\"https:\/\/home.graf-rasso-gymnasium.de\/home\/files\/2024\/03\/2023-24\/Fremdsprachenwahl-und-Wahl-der-Ausbildungsrichtung.pdf\" target=\"_blank\" rel=\"noreferrer noopener\">Sprachenwahl und Zweigwahl (pdf)<\/a><\/li>\n\n\n\n<li><a href=\"https:\/\/home.graf-rasso-gymnasium.de\/home\/files\/2019-20\/\u00dcbersicht_Hilfsangebote_Depression_GRG.pdf\" target=\"_blank\" rel=\"noreferrer noopener\">\u00dcbersicht Hilfsangebote Depression GRG (pdf)<\/a><\/li>\n<\/ul>\n\n\n\n<figure class=\"wp-block-image aligncenter size-large is-resized\"><a href=\"https:\/\/home.graf-rasso-gymnasium.de\/home\/files\/2022\/12\/2023-24\/Bildungweg-in-Bayern-Grafik.gif\" target=\"_blank\" rel=\"noreferrer noopener\"><img loading=\"lazy\" decoding=\"async\" width=\"1024\" height=\"597\" src=\"https:\/\/home.graf-rasso-gymnasium.de\/home\/files\/2022\/12\/2023-24\/Bildungweg-in-Bayern-Grafik-1024x597.gif\" alt=\"\" class=\"wp-image-16586\" style=\"aspect-ratio:1.715282239559431;width:959px;height:auto\" srcset=\"https:\/\/home.graf-rasso-gymnasium.de\/home\/files\/2022\/12\/2023-24\/Bildungweg-in-Bayern-Grafik-1024x597.gif 1024w, https:\/\/home.graf-rasso-gymnasium.de\/home\/files\/2022\/12\/2023-24\/Bildungweg-in-Bayern-Grafik-300x175.gif 300w, https:\/\/home.graf-rasso-gymnasium.de\/home\/files\/2022\/12\/2023-24\/Bildungweg-in-Bayern-Grafik-768x448.gif 768w\" sizes=\"auto, (max-width: 1024px) 100vw, 1024px\" \/><\/a><\/figure>\n","protected":false},"excerpt":{"rendered":"<p>Anja Stoecker Sprechstunde nach Vereinbarung anja.stoecker@schule.bayern.de Telefon: 08141 \/ 6111 \u2013 450 Gerne vereinbare ich auch au\u00dferhalb der Sprechstunden einen Termin mit Ihnen.Um auch zu den Sprechstunden unn\u00f6tige Wartezeiten f\u00fcr Sie zu vermeiden, bitte ich Sie um vorherige Terminvereinbarung.<\/p>\n","protected":false},"author":18,"featured_media":0,"parent":0,"menu_order":0,"comment_status":"closed","ping_status":"closed","template":"","meta":{"footnotes":""},"class_list":["post-14997","page","type-page","status-publish","hentry"],"_links":{"self":[{"href":"https:\/\/home.graf-rasso-gymnasium.de\/home\/wp-json\/wp\/v2\/pages\/14997","targetHints":{"allow":["GET"]}}],"collection":[{"href":"https:\/\/home.graf-rasso-gymnasium.de\/home\/wp-json\/wp\/v2\/pages"}],"about":[{"href":"https:\/\/home.graf-rasso-gymnasium.de\/home\/wp-json\/wp\/v2\/types\/page"}],"author":[{"embeddable":true,"href":"https:\/\/home.graf-rasso-gymnasium.de\/home\/wp-json\/wp\/v2\/users\/18"}],"replies":[{"embeddable":true,"href":"https:\/\/home.graf-rasso-gymnasium.de\/home\/wp-json\/wp\/v2\/comments?post=14997"}],"version-history":[{"count":17,"href":"https:\/\/home.graf-rasso-gymnasium.de\/home\/wp-json\/wp\/v2\/pages\/14997\/revisions"}],"predecessor-version":[{"id":18461,"href":"https:\/\/home.graf-rasso-gymnasium.de\/home\/wp-json\/wp\/v2\/pages\/14997\/revisions\/18461"}],"wp:attachment":[{"href":"https:\/\/home.graf-rasso-gymnasium.de\/home\/wp-json\/wp\/v2\/media?parent=14997"}],"curies":[{"name":"wp","href":"https:\/\/api.w.org\/{rel}","templated":true}]}}