{"id":1514,"date":"2013-07-22T10:11:01","date_gmt":"2013-07-22T08:11:01","guid":{"rendered":"https:\/\/home.graf-rasso-gymnasium.de\/home\/?page_id=1514"},"modified":"2026-01-17T14:41:12","modified_gmt":"2026-01-17T13:41:12","slug":"chemie","status":"publish","type":"page","link":"https:\/\/home.graf-rasso-gymnasium.de\/home\/faecher\/chemie\/","title":{"rendered":"Chemie"},"content":{"rendered":"\n<figure class=\"wp-block-image aligncenter size-full is-resized\"><img loading=\"lazy\" decoding=\"async\" width=\"2219\" height=\"2560\" src=\"https:\/\/home.graf-rasso-gymnasium.de\/home\/files\/2013\/07\/2024-25\/2025_HP_Chemie_Foto-scaled.jpg\" alt=\"\" class=\"wp-image-18509\" style=\"aspect-ratio:0.8668073723772869;width:569px;height:auto\" srcset=\"https:\/\/home.graf-rasso-gymnasium.de\/home\/files\/2013\/07\/2024-25\/2025_HP_Chemie_Foto-scaled.jpg 2219w, https:\/\/home.graf-rasso-gymnasium.de\/home\/files\/2013\/07\/2024-25\/2025_HP_Chemie_Foto-260x300.jpg 260w, https:\/\/home.graf-rasso-gymnasium.de\/home\/files\/2013\/07\/2024-25\/2025_HP_Chemie_Foto-888x1024.jpg 888w, https:\/\/home.graf-rasso-gymnasium.de\/home\/files\/2013\/07\/2024-25\/2025_HP_Chemie_Foto-768x886.jpg 768w, https:\/\/home.graf-rasso-gymnasium.de\/home\/files\/2013\/07\/2024-25\/2025_HP_Chemie_Foto-1331x1536.jpg 1331w, https:\/\/home.graf-rasso-gymnasium.de\/home\/files\/2013\/07\/2024-25\/2025_HP_Chemie_Foto-1775x2048.jpg 1775w\" sizes=\"auto, (max-width: 2219px) 100vw, 2219px\" \/><\/figure>\n\n\n\n<p><\/p>\n\n\n\n<p>\u201eChemie ist, wenn\u2019s kracht und stinkt?\u201c \u2013 auch moderner Chemieunterricht nutzt Versuche und experimentelle Sch\u00fcler\u00fcbungen, um Wissen \u00fcber den Aufbau und Eigenschaften von Stoffen sowie Stoffumwandlungen zu vermitteln. Dabei lernen die Sch\u00fclerinnen und Sch\u00fcler, dass ohne Chemie unser Leben und der Alltag nicht m\u00f6glich w\u00e4re und welche Rolle Chemie bei Themen wie Nachhaltigkeit oder dem Klimawandel spielt.&nbsp;<\/p>\n\n\n\n<p>Chemieunterricht am GRG findet in zwei modern ausgestatten Fachr\u00e4umen und unserem Sch\u00fclerlabor statt. Dabei setzen wir nicht nur klassische Laborger\u00e4te ein, sondern arbeiten auch mit modernen Sensoren, um z.B. die Temperatur bei einem Experiment zu messen. &nbsp;Chemieinteressierte Sch\u00fclerinnen und Sch\u00fclern motivieren und unterst\u00fctzen wir bei der Teilnahme an naturwissenschaftlichen Wettbewerben, wie \u201eExperimente antworten\u201c, \u201eChemieolympiade\u201c oder \u201eJugend forscht\u201c.<\/p>\n","protected":false},"excerpt":{"rendered":"<p>\u201eChemie ist, wenn\u2019s kracht und stinkt?\u201c \u2013 auch moderner Chemieunterricht nutzt Versuche und experimentelle Sch\u00fcler\u00fcbungen, um Wissen \u00fcber den Aufbau und Eigenschaften von Stoffen sowie Stoffumwandlungen zu vermitteln. Dabei lernen die Sch\u00fclerinnen und Sch\u00fcler, dass ohne Chemie unser Leben und der Alltag nicht m\u00f6glich w\u00e4re und welche Rolle Chemie bei Themen wie Nachhaltigkeit oder dem [&hellip;]<\/p>\n","protected":false},"author":18,"featured_media":0,"parent":1491,"menu_order":0,"comment_status":"closed","ping_status":"closed","template":"","meta":{"footnotes":""},"class_list":["post-1514","page","type-page","status-publish","hentry"],"_links":{"self":[{"href":"https:\/\/home.graf-rasso-gymnasium.de\/home\/wp-json\/wp\/v2\/pages\/1514","targetHints":{"allow":["GET"]}}],"collection":[{"href":"https:\/\/home.graf-rasso-gymnasium.de\/home\/wp-json\/wp\/v2\/pages"}],"about":[{"href":"https:\/\/home.graf-rasso-gymnasium.de\/home\/wp-json\/wp\/v2\/types\/page"}],"author":[{"embeddable":true,"href":"https:\/\/home.graf-rasso-gymnasium.de\/home\/wp-json\/wp\/v2\/users\/18"}],"replies":[{"embeddable":true,"href":"https:\/\/home.graf-rasso-gymnasium.de\/home\/wp-json\/wp\/v2\/comments?post=1514"}],"version-history":[{"count":23,"href":"https:\/\/home.graf-rasso-gymnasium.de\/home\/wp-json\/wp\/v2\/pages\/1514\/revisions"}],"predecessor-version":[{"id":18511,"href":"https:\/\/home.graf-rasso-gymnasium.de\/home\/wp-json\/wp\/v2\/pages\/1514\/revisions\/18511"}],"up":[{"embeddable":true,"href":"https:\/\/home.graf-rasso-gymnasium.de\/home\/wp-json\/wp\/v2\/pages\/1491"}],"wp:attachment":[{"href":"https:\/\/home.graf-rasso-gymnasium.de\/home\/wp-json\/wp\/v2\/media?parent=1514"}],"curies":[{"name":"wp","href":"https:\/\/api.w.org\/{rel}","templated":true}]}}