{"id":1573,"date":"2013-07-22T10:28:34","date_gmt":"2013-07-22T09:28:34","guid":{"rendered":"https:\/\/home.graf-rasso-gymnasium.de\/home\/?page_id=1573"},"modified":"2026-01-17T15:21:48","modified_gmt":"2026-01-17T14:21:48","slug":"musik","status":"publish","type":"page","link":"https:\/\/home.graf-rasso-gymnasium.de\/home\/faecher\/musik\/","title":{"rendered":"Musik"},"content":{"rendered":"\n<figure class=\"wp-block-image aligncenter size-full is-resized\"><a href=\"https:\/\/home.graf-rasso-gymnasium.de\/home\/files\/2013\/07\/2024-25\/2025_HP_Musik_Foto-scaled.jpg\" target=\"_blank\" rel=\"noreferrer noopener\"><img loading=\"lazy\" decoding=\"async\" width=\"2560\" height=\"1707\" src=\"https:\/\/home.graf-rasso-gymnasium.de\/home\/files\/2013\/07\/2024-25\/2025_HP_Musik_Foto-scaled.jpg\" alt=\"\" class=\"wp-image-18540\" style=\"width:819px;height:auto\" srcset=\"https:\/\/home.graf-rasso-gymnasium.de\/home\/files\/2013\/07\/2024-25\/2025_HP_Musik_Foto-scaled.jpg 2560w, https:\/\/home.graf-rasso-gymnasium.de\/home\/files\/2013\/07\/2024-25\/2025_HP_Musik_Foto-300x200.jpg 300w, https:\/\/home.graf-rasso-gymnasium.de\/home\/files\/2013\/07\/2024-25\/2025_HP_Musik_Foto-1024x683.jpg 1024w, https:\/\/home.graf-rasso-gymnasium.de\/home\/files\/2013\/07\/2024-25\/2025_HP_Musik_Foto-768x512.jpg 768w, https:\/\/home.graf-rasso-gymnasium.de\/home\/files\/2013\/07\/2024-25\/2025_HP_Musik_Foto-1536x1024.jpg 1536w, https:\/\/home.graf-rasso-gymnasium.de\/home\/files\/2013\/07\/2024-25\/2025_HP_Musik_Foto-2048x1365.jpg 2048w\" sizes=\"auto, (max-width: 2560px) 100vw, 2560px\" \/><\/a><\/figure>\n\n\n\n<p><strong>\u201eOhne Musik w\u00e4re das Leben ein Irrtum\u201c <\/strong><strong>(Friedrich Nietzsche)<\/strong><\/p>\n\n\n\n<p>Die Musikfachschaft unserer Schule besteht aus drei Kolleginnen und einem Kollegen, die eines verbindet: die Begeisterung daf\u00fcr, Musik in ihrer ganzen Vielfalt erlebbar zu machen. Unser Ziel ist es, ein m\u00f6glichst breites musikalisches Spektrum abzudecken und Sch\u00fclerinnen und Sch\u00fcler unterschiedlicher Jahrgangsstufen auch \u00fcber den Unterricht hinaus f\u00fcr gemeinsames Musizieren zu begeistern.<\/p>\n\n\n\n<p>Dazu geh\u00f6ren Chor- und Orchesterarbeit ebenso wie projektbezogene Ensembles, die je nach Interesse und Anlass entstehen. Erg\u00e4nzt wird unsere Arbeit durch Besuche von Konzerten und Musikveranstaltungen, um musikalische Erfahrungen auch au\u00dferhalb des Klassenzimmers zu erm\u00f6glichen.<\/p>\n\n\n\n<p>Besondere Highlights im Schuljahr sind unsere drei selbst organisierten Schulkonzerte im Fr\u00fchling, im Sommer und zur Weihnachtszeit. Sie sind fester Bestandteil des Schullebens und zeigen eindrucksvoll, was gemeinsames Engagement bewirken kann. Zur intensiven Vorbereitung dieser Konzerte fahren wir regelm\u00e4\u00dfig zu Probentagen ins Allg\u00e4u. Dort wird nicht nur konzentriert gearbeitet, sondern auch viel gelacht \u2013 musikalische Qualit\u00e4t und Gemeinschaft gehen bei uns Hand in Hand.<\/p>\n\n\n\n<p>Musik ist f\u00fcr uns mehr als ein Fach: Sie verbindet, motiviert und schafft bleibende Erlebnisse.<\/p>\n","protected":false},"excerpt":{"rendered":"<p>\u201eOhne Musik w\u00e4re das Leben ein Irrtum\u201c (Friedrich Nietzsche) Die Musikfachschaft unserer Schule besteht aus drei Kolleginnen und einem Kollegen, die eines verbindet: die Begeisterung daf\u00fcr, Musik in ihrer ganzen Vielfalt erlebbar zu machen. Unser Ziel ist es, ein m\u00f6glichst breites musikalisches Spektrum abzudecken und Sch\u00fclerinnen und Sch\u00fcler unterschiedlicher Jahrgangsstufen auch \u00fcber den Unterricht hinaus [&hellip;]<\/p>\n","protected":false},"author":18,"featured_media":0,"parent":1491,"menu_order":0,"comment_status":"closed","ping_status":"closed","template":"","meta":{"footnotes":""},"class_list":["post-1573","page","type-page","status-publish","hentry"],"_links":{"self":[{"href":"https:\/\/home.graf-rasso-gymnasium.de\/home\/wp-json\/wp\/v2\/pages\/1573","targetHints":{"allow":["GET"]}}],"collection":[{"href":"https:\/\/home.graf-rasso-gymnasium.de\/home\/wp-json\/wp\/v2\/pages"}],"about":[{"href":"https:\/\/home.graf-rasso-gymnasium.de\/home\/wp-json\/wp\/v2\/types\/page"}],"author":[{"embeddable":true,"href":"https:\/\/home.graf-rasso-gymnasium.de\/home\/wp-json\/wp\/v2\/users\/18"}],"replies":[{"embeddable":true,"href":"https:\/\/home.graf-rasso-gymnasium.de\/home\/wp-json\/wp\/v2\/comments?post=1573"}],"version-history":[{"count":25,"href":"https:\/\/home.graf-rasso-gymnasium.de\/home\/wp-json\/wp\/v2\/pages\/1573\/revisions"}],"predecessor-version":[{"id":18542,"href":"https:\/\/home.graf-rasso-gymnasium.de\/home\/wp-json\/wp\/v2\/pages\/1573\/revisions\/18542"}],"up":[{"embeddable":true,"href":"https:\/\/home.graf-rasso-gymnasium.de\/home\/wp-json\/wp\/v2\/pages\/1491"}],"wp:attachment":[{"href":"https:\/\/home.graf-rasso-gymnasium.de\/home\/wp-json\/wp\/v2\/media?parent=1573"}],"curies":[{"name":"wp","href":"https:\/\/api.w.org\/{rel}","templated":true}]}}

<figure class="wp-block-image aligncenter size-full is-resized"><a href="https://home.graf-rasso-gymnasium.de/home/files/2013/07/2024-25/2025_HP_Musik_Foto-scaled.jpg" target="_blank" rel="noreferrer noopener"><img loading="lazy" decoding="async" width="2560" height="1707" src="https://home.graf-rasso-gymnasium.de/home/files/2013/07/2024-25/2025_HP_Musik_Foto-scaled.jpg" alt="" class="wp-image-18540" style="width:819px;height:auto" srcset="https://home.graf-rasso-gymnasium.de/home/files/2013/07/2024-25/2025_HP_Musik_Foto-scaled.jpg 2560w, https://home.graf-rasso-gymnasium.de/home/files/2013/07/2024-25/2025_HP_Musik_Foto-300x200.jpg 300w, https://home.graf-rasso-gymnasium.de/home/files/2013/07/2024-25/2025_HP_Musik_Foto-1024x683.jpg 1024w, https://home.graf-rasso-gymnasium.de/home/files/2013/07/2024-25/2025_HP_Musik_Foto-768x512.jpg 768w, https://home.graf-rasso-gymnasium.de/home/files/2013/07/2024-25/2025_HP_Musik_Foto-1536x1024.jpg 1536w, https://home.graf-rasso-gymnasium.de/home/files/2013/07/2024-25/2025_HP_Musik_Foto-2048x1365.jpg 2048w" sizes="auto, (max-width: 2560px) 100vw, 2560px" /></a></figure>



<p><strong>„Ohne Musik wäre das Leben ein Irrtum“ </strong><strong>(Friedrich Nietzsche)</strong></p>



<p>Die Musikfachschaft unserer Schule besteht aus drei Kolleginnen und einem Kollegen, die eines verbindet: die Begeisterung dafür, Musik in ihrer ganzen Vielfalt erlebbar zu machen. Unser Ziel ist es, ein möglichst breites musikalisches Spektrum abzudecken und Schülerinnen und Schüler unterschiedlicher Jahrgangsstufen auch über den Unterricht hinaus für gemeinsames Musizieren zu begeistern.</p>



<p>Dazu gehören Chor- und Orchesterarbeit ebenso wie projektbezogene Ensembles, die je nach Interesse und Anlass entstehen. Ergänzt wird unsere Arbeit durch Besuche von Konzerten und Musikveranstaltungen, um musikalische Erfahrungen auch außerhalb des Klassenzimmers zu ermöglichen.</p>



<p>Besondere Highlights im Schuljahr sind unsere drei selbst organisierten Schulkonzerte im Frühling, im Sommer und zur Weihnachtszeit. Sie sind fester Bestandteil des Schullebens und zeigen eindrucksvoll, was gemeinsames Engagement bewirken kann. Zur intensiven Vorbereitung dieser Konzerte fahren wir regelmäßig zu Probentagen ins Allgäu. Dort wird nicht nur konzentriert gearbeitet, sondern auch viel gelacht – musikalische Qualität und Gemeinschaft gehen bei uns Hand in Hand.</p>



<p>Musik ist für uns mehr als ein Fach: Sie verbindet, motiviert und schafft bleibende Erlebnisse.</p>

<p>„Ohne Musik wäre das Leben ein Irrtum“ (Friedrich Nietzsche) Die Musikfachschaft unserer Schule besteht aus drei Kolleginnen und einem Kollegen, die eines verbindet: die Begeisterung dafür, Musik in ihrer ganzen Vielfalt erlebbar zu machen. Unser Ziel ist es, ein möglichst breites musikalisches Spektrum abzudecken und Schülerinnen und Schüler unterschiedlicher Jahrgangsstufen auch über den Unterricht hinaus [&hellip;]</p>
