{"id":1611,"date":"2013-07-22T11:28:32","date_gmt":"2013-07-22T10:28:32","guid":{"rendered":"https:\/\/home.graf-rasso-gymnasium.de\/home\/?page_id=1611"},"modified":"2026-02-23T16:30:14","modified_gmt":"2026-02-23T15:30:14","slug":"geschichte","status":"publish","type":"page","link":"https:\/\/home.graf-rasso-gymnasium.de\/home\/faecher\/geschichte\/","title":{"rendered":"Geschichte"},"content":{"rendered":"\n<figure class=\"wp-block-image aligncenter size-full is-resized\"><a href=\"https:\/\/home.graf-rasso-gymnasium.de\/home\/files\/2026\/02\/2024-25\/Geschichte-.png\" target=\"_blank\" rel=\"noreferrer noopener\"><img loading=\"lazy\" decoding=\"async\" width=\"1024\" height=\"1024\" src=\"https:\/\/home.graf-rasso-gymnasium.de\/home\/files\/2026\/02\/2024-25\/Geschichte-.png\" alt=\"\" class=\"wp-image-18657\" style=\"width:400px\" srcset=\"https:\/\/home.graf-rasso-gymnasium.de\/home\/files\/2026\/02\/2024-25\/Geschichte-.png 1024w, https:\/\/home.graf-rasso-gymnasium.de\/home\/files\/2026\/02\/2024-25\/Geschichte--300x300.png 300w, https:\/\/home.graf-rasso-gymnasium.de\/home\/files\/2026\/02\/2024-25\/Geschichte--768x768.png 768w\" sizes=\"auto, (max-width: 1024px) 100vw, 1024px\" \/><\/a><\/figure>\n\n\n\n<p class=\"has-text-align-center\"><em>\u201eDie ganze Welt ist eine gro\u00dfe Geschichte, und wir spielen darin mit.\u201c<\/em><\/p>\n\n\n\n<p class=\"has-text-align-center\"><em>(Michael Ende in \u201eMomo\u201c)<\/em><\/p>\n\n\n\n<p>Wir alle haben eine Geschichte und sind Bestandteile von ihr. Das Bewusstsein und die Faszination f\u00fcr unsere Vergangenheit zu wecken und zu vertiefen, ist ein Hauptanliegen unseres Unterrichts in diesem Fach am GRG.<\/p>\n\n\n\n<p>Geschichte ist die Erz\u00e4hlung menschlicher Erfahrungen. Sie untersucht, wie Menschen in verschiedenen Zeiten gelebt, gedacht, gek\u00e4mpft, gehofft und gef\u00fcrchtet haben.<\/p>\n\n\n\n<p>Sie erkl\u00e4rt Zusammenh\u00e4nge. Warum Staaten entstanden und zerfielen, warum Ideen sich verbreiteten, warum Konflikte ausbrachen oder Frieden m\u00f6glich wurde.<\/p>\n\n\n\n<p>Sie hilft uns, die Gegenwart zu verstehen. Viele heutige Entwicklungen \u2013 politische Spannungen, kulturelle Unterschiede, technologische Fortschritte \u2013 haben tiefe historische Wurzeln.<\/p>\n\n\n\n<p>Unsere Verbindungslinien in die Vergangenheit zur\u00fcckzuverfolgen kann dabei ebenso faszinierend sein wie die Entdeckung fr\u00fcherer Dinge und Zust\u00e4nde, die ganz anders waren als das, was wir heute kennen.<\/p>\n\n\n\n<p>Exkursionen wie zum Beispiel zum \u00c4gyptischen Museum nach M\u00fcnchen (6. Jgst.), zur KZ-Gedenkst\u00e4tte nach Dachau (9. Jgst.) sowie die Studienfahrt nach Berlin (11. Jgst.) setzen am GRG Akzente zur Vertiefung geschichtlicher Epochenkenntnisse am besonderen historischen Ort.<\/p>\n","protected":false},"excerpt":{"rendered":"<p>\u201eDie ganze Welt ist eine gro\u00dfe Geschichte, und wir spielen darin mit.\u201c (Michael Ende in \u201eMomo\u201c) Wir alle haben eine Geschichte und sind Bestandteile von ihr. Das Bewusstsein und die Faszination f\u00fcr unsere Vergangenheit zu wecken und zu vertiefen, ist ein Hauptanliegen unseres Unterrichts in diesem Fach am GRG. Geschichte ist die Erz\u00e4hlung menschlicher Erfahrungen. [&hellip;]<\/p>\n","protected":false},"author":18,"featured_media":0,"parent":1491,"menu_order":0,"comment_status":"closed","ping_status":"closed","template":"","meta":{"footnotes":""},"class_list":["post-1611","page","type-page","status-publish","hentry"],"_links":{"self":[{"href":"https:\/\/home.graf-rasso-gymnasium.de\/home\/wp-json\/wp\/v2\/pages\/1611","targetHints":{"allow":["GET"]}}],"collection":[{"href":"https:\/\/home.graf-rasso-gymnasium.de\/home\/wp-json\/wp\/v2\/pages"}],"about":[{"href":"https:\/\/home.graf-rasso-gymnasium.de\/home\/wp-json\/wp\/v2\/types\/page"}],"author":[{"embeddable":true,"href":"https:\/\/home.graf-rasso-gymnasium.de\/home\/wp-json\/wp\/v2\/users\/18"}],"replies":[{"embeddable":true,"href":"https:\/\/home.graf-rasso-gymnasium.de\/home\/wp-json\/wp\/v2\/comments?post=1611"}],"version-history":[{"count":18,"href":"https:\/\/home.graf-rasso-gymnasium.de\/home\/wp-json\/wp\/v2\/pages\/1611\/revisions"}],"predecessor-version":[{"id":18693,"href":"https:\/\/home.graf-rasso-gymnasium.de\/home\/wp-json\/wp\/v2\/pages\/1611\/revisions\/18693"}],"up":[{"embeddable":true,"href":"https:\/\/home.graf-rasso-gymnasium.de\/home\/wp-json\/wp\/v2\/pages\/1491"}],"wp:attachment":[{"href":"https:\/\/home.graf-rasso-gymnasium.de\/home\/wp-json\/wp\/v2\/media?parent=1611"}],"curies":[{"name":"wp","href":"https:\/\/api.w.org\/{rel}","templated":true}]}}