{"id":1661,"date":"2013-07-22T11:54:31","date_gmt":"2013-07-22T09:54:31","guid":{"rendered":"https:\/\/home.graf-rasso-gymnasium.de\/home\/?page_id=1661"},"modified":"2025-02-27T13:16:03","modified_gmt":"2025-02-27T12:16:03","slug":"schulprofil","status":"publish","type":"page","link":"https:\/\/home.graf-rasso-gymnasium.de\/home\/unsere-schule\/schulprofil\/","title":{"rendered":"Profil"},"content":{"rendered":"\n<p><strong>Graf-Rasso-Gymnasium<br \/>M\u00fcnchner Stra\u00dfe 69<\/strong><br \/><strong> 82256 F\u00fcrstenfeldbruck<\/strong><\/p>\n\n\n\n<p><strong>Telefon: 08141\/6111-0<\/strong><br \/><strong> Fax: 08141\/6111-499<\/strong><\/p>\n\n\n\n<h2 class=\"wp-block-heading\">Zweige<\/h2>\n\n\n\n<p>Das GRG bietet einen <strong>naturwissenschaftlich-technologischen<\/strong> und einen <strong>sprachlichen <\/strong>Zweig an:<\/p>\n\n\n\n<p>Die 5. Klasse beginnt mit Englisch als erster Fremdsprache. In der 6. Jahrgangsstufe entscheiden sich die Sch\u00fclerinnen und Sch\u00fcler f\u00fcr Latein oder Franz\u00f6sisch als zweite Fremdsprache; wer Franz\u00f6sisch w\u00e4hlt, ist automatisch im naturwissenschaftlich-technologischen Gymnasium, wer Latein w\u00e4hlt, hat noch ein bisschen Zeit mit der Entscheidung.<\/p>\n\n\n\n<p>Die tats\u00e4chliche Zweigwahl findet in der 8. Klasse statt: Wer Latein als zweite Fremdsprache gew\u00e4hlt hat, kann sich jetzt mit Franz\u00f6sisch als dritter Fremdsprache f\u00fcr den sprachlichen Zweig entscheiden &#8211; dann gibt es Chemie erst in der 9. Klasse, und keine Informatik*, aber eben eine dritte Fremdsprache. Oder man w\u00e4hlt den naturwissenschaftlich-technologischen Zweig, der bereits in der 8. Jahrgangsstufe mit dem Fach Chemie beginnt und zu dem ab der 9. Jahrgangsstufe das Fach Informatik kommt.<\/p>\n\n\n\n<p>*Im neuen neunj\u00e4hrigen Gymnasium gibt es auch f\u00fcr den sprachlichen Zweig in der 11. Jahrgangsstufe ein Fach Informatik.<\/p>\n\n\n\n<h2 class=\"wp-block-heading\">Unterrichtszeiten<\/h2>\n\n\n\n<p>Der Unterricht beginnt um 7.55 Uhr, ab 7.45 sind die Klassenzimmer ge\u00f6ffnet.<\/p>\n\n\n\n<p>07.55-08.40 Uhr: 1. Stunde<br \/>08.40-09.25 Uhr: 2. Stunde<\/p>\n\n\n\n<p>09.25-09.45 Uhr: Pause<\/p>\n\n\n\n<p>09.45-10.30 Uhr: 3. Stunde<br \/>10.30-11.15 Uhr: 4. Stunde<\/p>\n\n\n\n<p>11.15-11.30 Uhr: Pause<\/p>\n\n\n\n<p>11.30-12.15 Uhr: 5. Stunde<br \/>12.15-13.00 Uhr: 6. Stunde<\/p>\n\n\n\n<p>13.15-14.00 Uhr: 7. Stunde<\/p>\n\n\n\n<p>13.00-14.00 Uhr: Mittagspause<\/p>\n\n\n\n<p>14.00-14.45 Uhr: 8. Stunde<br \/>14.45-15.30 Uhr: 9. Stunde<br \/>15.30-16.15 Uhr: 10. Stunde<\/p>\n\n\n\n<p>16.15-16.30 Uhr: Pause<\/p>\n\n\n\n<p>16.30-17.15 Uhr: 11. Stunde<\/p>\n\n\n\n<h2 class=\"wp-block-heading\">Ausstattung<\/h2>\n\n\n\n<p>In allen Fachr\u00e4umen und Klassenzimmern gibt es Rechner mit Internetanschluss, Beamer und eine Dokumentenkamera. Die beiden Computerr\u00e4ume mit jeweils 30 Rechnern sind mit elektronischen Whiteboards ausger\u00fcstet. Ab Sommer 2025 werden auch die Klassenzimmer mit digitalen Whiteboards ausgestattet sein. Ab der 9. Jahrgangsstufe arbeiten die Sch\u00fclerinnen und Sch\u00fcler mit iPads.<\/p>\n\n\n\n<h2 class=\"wp-block-heading\">Lehrer- und Sch\u00fclerzahlen<\/h2>\n\n\n\n<p>Das GRG hat etwa 930 Sch\u00fcler, die von etwa 80 haupt- und nebenamtlichen Lehrkr\u00e4ften unterrichtet werden.<\/p>\n\n\n\n<h2 class=\"wp-block-heading\">Schwerpunkte am GRG<\/h2>\n\n\n\n<p>Wir bieten ein zus\u00e4tzliches Angebot an unterrichtlich integrierten Projekten, Wahlkursen und au\u00dferunterrichtlichen Aktivit\u00e4ten an. Unsere Sch\u00fcler und Sch\u00fclergruppen erbringen dabei und in der Teilnahme am \u00f6ffentlichen Leben immer wieder Spitzenleistungen, die im weiteren Umkreis wahrgenommen werden. Fachspezifische Kontakte zu Unternehmen und Hochschulen setzen unser Bildungsangebot in eine zukunftsweisende Perspektive.<\/p>\n\n\n\n<ul class=\"wp-block-list\">\n<li>Austauschbeziehungen mit Gro\u00dfbritannien, Frankreich und der Schweiz<\/li>\n\n\n\n<li>Musikensembles mit regelm\u00e4\u00dfigen Konzerten (z.B. an Weihnachten und zum Jahresabschluss)<\/li>\n\n\n\n<li>Aktivit\u00e4ten zur Lesef\u00f6rderung z.B. mit Bibliotheksprojekten und Autorenlesungen zur Jugend- und Erwachsenenliteratur, sowie klassen\u00fcbergreifend koordinierten Unterricht in den Jgst. 10 bis 12<\/li>\n\n\n\n<li>integrierte Wettbewerbsbeitr\u00e4ge in den Naturwissenschaften<\/li>\n\n\n\n<li>Veranstaltungen mit Zeitzeugen, Politikern und Experten zur politischen Bildung<\/li>\n\n\n\n<li>Theatergruppen<\/li>\n\n\n\n<li>ein vielf\u00e4ltiges soziales Engagement der Sch\u00fclerschaft sowohl in der Schule als auch dar\u00fcber hinaus<\/li>\n\n\n\n<li>Fairtrade-Schule<\/li>\n\n\n\n<li>MINT-freundliche Schule<\/li>\n\n\n\n<li>Umweltschule<\/li>\n\n\n\n<li>&#8230;<\/li>\n<\/ul>\n\n\n\n<p>Daneben verf\u00fcgt das GRG \u00fcber eine offene Ganztagsschule f\u00fcr Unterstufen-Sch\u00fcler und bietet folglich eine nachmitt\u00e4gliche Hausaufgabenbetreuung an. Den Flyer der oGts k\u00f6nnen Sie sich <a href=\"https:\/\/home.graf-rasso-gymnasium.de\/home\/files\/2015\/02\/2024-25\/Flyer-Schuljahr-25-26.pdf\" target=\"_blank\" rel=\"noreferrer noopener\">hier<\/a> herunterladen.<\/p>\n\n\n\n<p>Der F\u00f6rderverein des GRG unterst\u00fctzt in Kooperation mit dem Elterbeirat die Arbeit an unserer Schule.<\/p>\n\n\n\n<h2 class=\"wp-block-heading\">Doppelstunden- und Fachraumprinzip<\/h2>\n\n\n\n<p>Am Graf-Rasso-Gym\u00adnasium wird der Unterricht soweit m\u00f6glich in Doppelstunden abgehalten. Das hat f\u00fcr die Sch\u00fclerinnen und Sch\u00fcler mehrere Vorteile:<\/p>\n\n\n\n<ul class=\"wp-block-list\">\n<li>Der Schultag wird ruhiger.<\/li>\n\n\n\n<li>Die h\u00e4usliche Vorbereitung wird \u00fcberschaubarer.<\/li>\n\n\n\n<li>Der Schulranzen wird leichter.<\/li>\n<\/ul>\n\n\n\n<h2 class=\"wp-block-heading\">Digitales am GRG<\/h2>\n\n\n\n<p><strong>Digitales Klassenzimmer<\/strong><\/p>\n\n\n\n<ul class=\"wp-block-list\">\n<li>Lautsprecher, Beamer und Computer in Klassenzimmern und Fachr\u00e4umen<\/li>\n\n\n\n<li>Dokumentenkameras in den Klassenzimmern und Fachr\u00e4umen<\/li>\n\n\n\n<li>Tafeln in den Klassenzimmern, ab Sommer digitale Whiteboards in allen R\u00e4umen<\/li>\n\n\n\n<li>Digitale Whiteboards in den Computerr\u00e4umne<\/li>\n<\/ul>\n\n\n\n<p><strong>Kommunikationsportale<\/strong><\/p>\n\n\n\n<ul class=\"wp-block-list\">\n<li>Vertretungsplan auf Monitor in Aula, auf der Schulhomepage und als App f\u00fcr Android\/iPhone<\/li>\n\n\n\n<li><a href=\"https:\/\/ffbgrg.eltern-portal.org\/index.php\">Webbasiertes Elternportal<\/a> f\u00fcr Rundschreiben, zur Sprechstundenbuchung, f\u00fcr Schulaufgabentermine<\/li>\n\n\n\n<li>Webbasiertes Lehrerportal zur Kommunikation und Noteneingabe<\/li>\n<\/ul>\n\n\n\n<p><strong>Sonstiges<\/strong><\/p>\n\n\n\n<ul class=\"wp-block-list\">\n<li>Lernplattform Mebis <a href=\"https:\/\/home.graf-rasso-gymnasium.de\/home\/mebis\/\">(Anleitung)<\/a><\/li>\n\n\n\n<li>Robo-AG<\/li>\n\n\n\n<li>F\u00f6rderverein: Angebot eines Tastschreiben-Kurses am Rechner<\/li>\n\n\n\n<li>Zwei Computerr\u00e4ume mit jeweils 30 Rechnern<\/li>\n\n\n\n<li>iPad-Koffer (die 9. Jahrgangsstufe ist zus\u00e4tzlich dazu als Pilotprojekt mit schuleigenen iPads ausgestattet)  <\/li>\n\n\n\n<li>Lehrkr\u00e4fte \u00fcber WebUntis erreichbar<\/li>\n\n\n\n<li>Aktive Homepage mit vielen Beitr\u00e4gen von Sch\u00fclern und Sch\u00fclerinnen<\/li>\n<\/ul>\n\n\n\n<h2 class=\"wp-block-heading\">Geschichte<\/h2>\n\n\n\n<p>Das Graf-Rasso-Gymnasium ist nach dem Grafen Rasso (900-953 n.Chr.) benannt, der als Burgherr und sp\u00e4terer Klostergr\u00fcnder in Grafrath zu hohem Ansehen in der Region gelangte.<\/p>\n\n\n\n<figure class=\"wp-block-image\"><img loading=\"lazy\" decoding=\"async\" width=\"500\" height=\"823\" src=\"https:\/\/home.graf-rasso-gymnasium.de\/home\/files\/2015-16\/seminar_rasso-geschichte_4.jpg\" alt=\"\" class=\"wp-image-7122\" srcset=\"https:\/\/home.graf-rasso-gymnasium.de\/home\/files\/2015-16\/seminar_rasso-geschichte_4.jpg 500w, https:\/\/home.graf-rasso-gymnasium.de\/home\/files\/2015-16\/seminar_rasso-geschichte_4-182x300.jpg 182w\" sizes=\"auto, (max-width: 500px) 100vw, 500px\" \/><\/figure>\n\n\n\n<ul class=\"wp-block-list\">\n<li><a href=\"https:\/\/home.graf-rasso-gymnasium.de\/home\/?page_id=3207\">Berichte vom Neubau<\/a><\/li>\n\n\n\n<li><a href=\"https:\/\/home.graf-rasso-gymnasium.de\/home\/?page_id=5262\">Chronik 1945-1995<\/a><\/li>\n\n\n\n<li><a href=\"https:\/\/home.graf-rasso-gymnasium.de\/home\/unsere-schule\/weiteres\/zur-geschichte-des-grg-online-ausstellung-p-seminar\/\">Zur Geschichte des GRG (Online-Ausstellung P-Seminar)<\/a><\/li>\n<\/ul>\n","protected":false},"excerpt":{"rendered":"<p>Graf-Rasso-GymnasiumM\u00fcnchner Stra\u00dfe 69 82256 F\u00fcrstenfeldbruck Telefon: 08141\/6111-0 Fax: 08141\/6111-499 Zweige Das GRG bietet einen naturwissenschaftlich-technologischen und einen sprachlichen Zweig an: Die 5. Klasse beginnt mit Englisch als erster Fremdsprache. In der 6. Jahrgangsstufe entscheiden sich die Sch\u00fclerinnen und Sch\u00fcler f\u00fcr Latein oder Franz\u00f6sisch als zweite Fremdsprache; wer Franz\u00f6sisch w\u00e4hlt, ist automatisch im naturwissenschaftlich-technologischen Gymnasium, wer [&hellip;]<\/p>\n","protected":false},"author":2,"featured_media":0,"parent":1653,"menu_order":0,"comment_status":"closed","ping_status":"closed","template":"","meta":{"footnotes":""},"class_list":["post-1661","page","type-page","status-publish","hentry"],"_links":{"self":[{"href":"https:\/\/home.graf-rasso-gymnasium.de\/home\/wp-json\/wp\/v2\/pages\/1661","targetHints":{"allow":["GET"]}}],"collection":[{"href":"https:\/\/home.graf-rasso-gymnasium.de\/home\/wp-json\/wp\/v2\/pages"}],"about":[{"href":"https:\/\/home.graf-rasso-gymnasium.de\/home\/wp-json\/wp\/v2\/types\/page"}],"author":[{"embeddable":true,"href":"https:\/\/home.graf-rasso-gymnasium.de\/home\/wp-json\/wp\/v2\/users\/2"}],"replies":[{"embeddable":true,"href":"https:\/\/home.graf-rasso-gymnasium.de\/home\/wp-json\/wp\/v2\/comments?post=1661"}],"version-history":[{"count":44,"href":"https:\/\/home.graf-rasso-gymnasium.de\/home\/wp-json\/wp\/v2\/pages\/1661\/revisions"}],"predecessor-version":[{"id":17801,"href":"https:\/\/home.graf-rasso-gymnasium.de\/home\/wp-json\/wp\/v2\/pages\/1661\/revisions\/17801"}],"up":[{"embeddable":true,"href":"https:\/\/home.graf-rasso-gymnasium.de\/home\/wp-json\/wp\/v2\/pages\/1653"}],"wp:attachment":[{"href":"https:\/\/home.graf-rasso-gymnasium.de\/home\/wp-json\/wp\/v2\/media?parent=1661"}],"curies":[{"name":"wp","href":"https:\/\/api.w.org\/{rel}","templated":true}]}}

<p><strong>Graf-Rasso-Gymnasium<br />Münchner Straße 69</strong><br /><strong> 82256 Fürstenfeldbruck</strong></p>



<p><strong>Telefon: 08141/6111-0</strong><br /><strong> Fax: 08141/6111-499</strong></p>



<h2 class="wp-block-heading">Zweige</h2>



<p>Das GRG bietet einen <strong>naturwissenschaftlich-technologischen</strong> und einen <strong>sprachlichen </strong>Zweig an:</p>



<p>Die 5. Klasse beginnt mit Englisch als erster Fremdsprache. In der 6. Jahrgangsstufe entscheiden sich die Schülerinnen und Schüler für Latein oder Französisch als zweite Fremdsprache; wer Französisch wählt, ist automatisch im naturwissenschaftlich-technologischen Gymnasium, wer Latein wählt, hat noch ein bisschen Zeit mit der Entscheidung.</p>



<p>Die tatsächliche Zweigwahl findet in der 8. Klasse statt: Wer Latein als zweite Fremdsprache gewählt hat, kann sich jetzt mit Französisch als dritter Fremdsprache für den sprachlichen Zweig entscheiden &#8211; dann gibt es Chemie erst in der 9. Klasse, und keine Informatik*, aber eben eine dritte Fremdsprache. Oder man wählt den naturwissenschaftlich-technologischen Zweig, der bereits in der 8. Jahrgangsstufe mit dem Fach Chemie beginnt und zu dem ab der 9. Jahrgangsstufe das Fach Informatik kommt.</p>



<p>*Im neuen neunjährigen Gymnasium gibt es auch für den sprachlichen Zweig in der 11. Jahrgangsstufe ein Fach Informatik.</p>



<h2 class="wp-block-heading">Unterrichtszeiten</h2>



<p>Der Unterricht beginnt um 7.55 Uhr, ab 7.45 sind die Klassenzimmer geöffnet.</p>



<p>07.55-08.40 Uhr: 1. Stunde<br />08.40-09.25 Uhr: 2. Stunde</p>



<p>09.25-09.45 Uhr: Pause</p>



<p>09.45-10.30 Uhr: 3. Stunde<br />10.30-11.15 Uhr: 4. Stunde</p>



<p>11.15-11.30 Uhr: Pause</p>



<p>11.30-12.15 Uhr: 5. Stunde<br />12.15-13.00 Uhr: 6. Stunde</p>



<p>13.15-14.00 Uhr: 7. Stunde</p>



<p>13.00-14.00 Uhr: Mittagspause</p>



<p>14.00-14.45 Uhr: 8. Stunde<br />14.45-15.30 Uhr: 9. Stunde<br />15.30-16.15 Uhr: 10. Stunde</p>



<p>16.15-16.30 Uhr: Pause</p>



<p>16.30-17.15 Uhr: 11. Stunde</p>



<h2 class="wp-block-heading">Ausstattung</h2>



<p>In allen Fachräumen und Klassenzimmern gibt es Rechner mit Internetanschluss, Beamer und eine Dokumentenkamera. Die beiden Computerräume mit jeweils 30 Rechnern sind mit elektronischen Whiteboards ausgerüstet. Ab Sommer 2025 werden auch die Klassenzimmer mit digitalen Whiteboards ausgestattet sein. Ab der 9. Jahrgangsstufe arbeiten die Schülerinnen und Schüler mit iPads.</p>



<h2 class="wp-block-heading">Lehrer- und Schülerzahlen</h2>



<p>Das GRG hat etwa 930 Schüler, die von etwa 80 haupt- und nebenamtlichen Lehrkräften unterrichtet werden.</p>



<h2 class="wp-block-heading">Schwerpunkte am GRG</h2>



<p>Wir bieten ein zusätzliches Angebot an unterrichtlich integrierten Projekten, Wahlkursen und außerunterrichtlichen Aktivitäten an. Unsere Schüler und Schülergruppen erbringen dabei und in der Teilnahme am öffentlichen Leben immer wieder Spitzenleistungen, die im weiteren Umkreis wahrgenommen werden. Fachspezifische Kontakte zu Unternehmen und Hochschulen setzen unser Bildungsangebot in eine zukunftsweisende Perspektive.</p>



<ul class="wp-block-list">
<li>Austauschbeziehungen mit Großbritannien, Frankreich und der Schweiz</li>



<li>Musikensembles mit regelmäßigen Konzerten (z.B. an Weihnachten und zum Jahresabschluss)</li>



<li>Aktivitäten zur Leseförderung z.B. mit Bibliotheksprojekten und Autorenlesungen zur Jugend- und Erwachsenenliteratur, sowie klassenübergreifend koordinierten Unterricht in den Jgst. 10 bis 12</li>



<li>integrierte Wettbewerbsbeiträge in den Naturwissenschaften</li>



<li>Veranstaltungen mit Zeitzeugen, Politikern und Experten zur politischen Bildung</li>



<li>Theatergruppen</li>



<li>ein vielfältiges soziales Engagement der Schülerschaft sowohl in der Schule als auch darüber hinaus</li>



<li>Fairtrade-Schule</li>



<li>MINT-freundliche Schule</li>



<li>Umweltschule</li>



<li>&#8230;</li>
</ul>



<p>Daneben verfügt das GRG über eine offene Ganztagsschule für Unterstufen-Schüler und bietet folglich eine nachmittägliche Hausaufgabenbetreuung an. Den Flyer der oGts können Sie sich <a href="https://home.graf-rasso-gymnasium.de/home/files/2015/02/2024-25/Flyer-Schuljahr-25-26.pdf" target="_blank" rel="noreferrer noopener">hier</a> herunterladen.</p>



<p>Der Förderverein des GRG unterstützt in Kooperation mit dem Elterbeirat die Arbeit an unserer Schule.</p>



<h2 class="wp-block-heading">Doppelstunden- und Fachraumprinzip</h2>



<p>Am Graf-Rasso-Gym­nasium wird der Unterricht soweit möglich in Doppelstunden abgehalten. Das hat für die Schülerinnen und Schüler mehrere Vorteile:</p>



<ul class="wp-block-list">
<li>Der Schultag wird ruhiger.</li>



<li>Die häusliche Vorbereitung wird überschaubarer.</li>



<li>Der Schulranzen wird leichter.</li>
</ul>



<h2 class="wp-block-heading">Digitales am GRG</h2>



<p><strong>Digitales Klassenzimmer</strong></p>



<ul class="wp-block-list">
<li>Lautsprecher, Beamer und Computer in Klassenzimmern und Fachräumen</li>



<li>Dokumentenkameras in den Klassenzimmern und Fachräumen</li>



<li>Tafeln in den Klassenzimmern, ab Sommer digitale Whiteboards in allen Räumen</li>



<li>Digitale Whiteboards in den Computerräumne</li>
</ul>



<p><strong>Kommunikationsportale</strong></p>



<ul class="wp-block-list">
<li>Vertretungsplan auf Monitor in Aula, auf der Schulhomepage und als App für Android/iPhone</li>



<li><a href="https://ffbgrg.eltern-portal.org/index.php">Webbasiertes Elternportal</a> für Rundschreiben, zur Sprechstundenbuchung, für Schulaufgabentermine</li>



<li>Webbasiertes Lehrerportal zur Kommunikation und Noteneingabe</li>
</ul>



<p><strong>Sonstiges</strong></p>



<ul class="wp-block-list">
<li>Lernplattform Mebis <a href="https://home.graf-rasso-gymnasium.de/home/mebis/">(Anleitung)</a></li>



<li>Robo-AG</li>



<li>Förderverein: Angebot eines Tastschreiben-Kurses am Rechner</li>



<li>Zwei Computerräume mit jeweils 30 Rechnern</li>



<li>iPad-Koffer (die 9. Jahrgangsstufe ist zusätzlich dazu als Pilotprojekt mit schuleigenen iPads ausgestattet)  </li>



<li>Lehrkräfte über WebUntis erreichbar</li>



<li>Aktive Homepage mit vielen Beiträgen von Schülern und Schülerinnen</li>
</ul>



<h2 class="wp-block-heading">Geschichte</h2>



<p>Das Graf-Rasso-Gymnasium ist nach dem Grafen Rasso (900-953 n.Chr.) benannt, der als Burgherr und späterer Klostergründer in Grafrath zu hohem Ansehen in der Region gelangte.</p>



<figure class="wp-block-image"><img loading="lazy" decoding="async" width="500" height="823" src="https://home.graf-rasso-gymnasium.de/home/files/2015-16/seminar_rasso-geschichte_4.jpg" alt="" class="wp-image-7122" srcset="https://home.graf-rasso-gymnasium.de/home/files/2015-16/seminar_rasso-geschichte_4.jpg 500w, https://home.graf-rasso-gymnasium.de/home/files/2015-16/seminar_rasso-geschichte_4-182x300.jpg 182w" sizes="auto, (max-width: 500px) 100vw, 500px" /></figure>



<ul class="wp-block-list">
<li><a href="https://home.graf-rasso-gymnasium.de/home/?page_id=3207">Berichte vom Neubau</a></li>



<li><a href="https://home.graf-rasso-gymnasium.de/home/?page_id=5262">Chronik 1945-1995</a></li>



<li><a href="https://home.graf-rasso-gymnasium.de/home/unsere-schule/weiteres/zur-geschichte-des-grg-online-ausstellung-p-seminar/">Zur Geschichte des GRG (Online-Ausstellung P-Seminar)</a></li>
</ul>

<p>Graf-Rasso-GymnasiumMünchner Straße 69 82256 Fürstenfeldbruck Telefon: 08141/6111-0 Fax: 08141/6111-499 Zweige Das GRG bietet einen naturwissenschaftlich-technologischen und einen sprachlichen Zweig an: Die 5. Klasse beginnt mit Englisch als erster Fremdsprache. In der 6. Jahrgangsstufe entscheiden sich die Schülerinnen und Schüler für Latein oder Französisch als zweite Fremdsprache; wer Französisch wählt, ist automatisch im naturwissenschaftlich-technologischen Gymnasium, wer [&hellip;]</p>
