{"id":16751,"date":"2024-01-22T12:49:24","date_gmt":"2024-01-22T11:49:24","guid":{"rendered":"https:\/\/home.graf-rasso-gymnasium.de\/home\/?page_id=16751"},"modified":"2025-12-18T07:52:18","modified_gmt":"2025-12-18T06:52:18","slug":"verbindungslehrkraefte-am-grg","status":"publish","type":"page","link":"https:\/\/home.graf-rasso-gymnasium.de\/home\/verbindungslehrkraefte-am-grg\/","title":{"rendered":"Verbindungslehrkr\u00e4fte"},"content":{"rendered":"\n<figure class=\"wp-block-image aligncenter size-large is-resized\"><a href=\"https:\/\/home.graf-rasso-gymnasium.de\/home\/files\/2024\/01\/2024-25\/verbindungslehrer2526.jpg\" target=\"_blank\" rel=\"noreferrer noopener\"><img loading=\"lazy\" decoding=\"async\" width=\"768\" height=\"1024\" src=\"https:\/\/home.graf-rasso-gymnasium.de\/home\/files\/2024\/01\/2024-25\/verbindungslehrer2526-768x1024.jpg\" alt=\"\" class=\"wp-image-18265\" style=\"aspect-ratio:0.7500180570603106;width:380px;height:auto\" srcset=\"https:\/\/home.graf-rasso-gymnasium.de\/home\/files\/2024\/01\/2024-25\/verbindungslehrer2526-768x1024.jpg 768w, https:\/\/home.graf-rasso-gymnasium.de\/home\/files\/2024\/01\/2024-25\/verbindungslehrer2526-225x300.jpg 225w, https:\/\/home.graf-rasso-gymnasium.de\/home\/files\/2024\/01\/2024-25\/verbindungslehrer2526.jpg 945w\" sizes=\"auto, (max-width: 768px) 100vw, 768px\" \/><\/a><figcaption class=\"wp-element-caption\">Markus Huber, Xenia Herweg<\/figcaption><\/figure>\n\n\n\n<p>Wir sind die f\u00fcr das Schuljahr 2025\/26 gew\u00e4hlten Verbindungslehrkr\u00e4fte. Ausf\u00fchrliche Gespr\u00e4che mit uns k\u00f6nnen w\u00e4hrend des Unterrichtsbetriebs nach vorheriger Anmeldung (\u00fcber Untis oder pers\u00f6nlich) und bei gleichzeitigem Einverst\u00e4ndnis der betroffenen Lehrkraft w\u00e4hrend unserer Verbindungslehrer-Sprechstunden stattfinden:<\/p>\n\n\n\n<p><strong>Frau Herweg:<\/strong> Montag 3. Stunde<\/p>\n\n\n\n<p><strong>Herr Huber: <\/strong>Dienstag 2. Stunde<\/p>\n\n\n\n<p>Im Anschluss an das Gespr\u00e4ch best\u00e4tigen wir lediglich dein Erscheinen in unserer Sprechstunde \u00fcber ein entsprechendes Formular.&nbsp;&nbsp; &nbsp;<\/p>\n\n\n\n<p>Um einen alternativen pers\u00f6nlichen Termin zu vereinbaren, erreichen du oder deine Eltern uns auch unter den folgenden E-<strong>Mail-Adressen: Xenia.Herweg@schule.bayern.de<br \/>Markus.huber2@schule.bayern.de<\/strong><\/p>\n\n\n\n<h6 class=\"wp-block-heading\"><strong>Was ist eigentlich eine Verbindungslehrkraft?<\/strong><\/h6>\n\n\n\n<p>Die Verbindungslehrkr\u00e4fte werden am Ende eines Schuljahres f\u00fcr das folgende Schuljahr gew\u00e4hlt. Ihre Aufgaben sind vielseitig: zum einen betreuen sie die SMV (Sch\u00fclermitverantwortung) bei all ihren Sitzungen und Aktivit\u00e4ten, zum anderen sind sie ein wesentliches Bindeglied zwischen den Sch\u00fcler*innen und den Lehrkr\u00e4ften.<\/p>\n\n\n\n<p>Verbindunglehrkr\u00e4fte beraten und informieren Sch\u00fcler*innen bei rechtlichen Fragen und k\u00f6nnen in Konfliktsituationen zwischen Lehrkr\u00e4ften und den betroffenen Sch\u00fcler*innen als vermittelnde Instanz hinzugezogen werden. Dazu informieren sie sich bei allen Beteiligten gr\u00fcndlich \u00fcber die Konfliktsituation und erarbeiten dann gemeinsam mit Sch\u00fcler*innen und den betreffenden Lehrkr\u00e4ften L\u00f6sungsans\u00e4tze, die auf Kooperations- und Kompromissbereitschaft aufbauen. Ziel sind ein gutes, vertrauensvolles Miteinander und ein Arbeitsklima der gegenseitigen Akzeptanz und Wertsch\u00e4tzung. Auch mit pers\u00f6nlichen Problemen k\u00f6nnen sich die Sch\u00fcler*innen an die Verbindungslehrkr\u00e4fte wenden. Alle Gespr\u00e4che werden vertraulich behandelt und gelangen ohne das Einverst\u00e4ndnis der Sch\u00fcler*innen niemals an Dritte! Die Verbindungslehrkr\u00e4fte beraten und unterst\u00fctzen die SMV bei der Erf\u00fcllung ihrer Aufgaben rund um das Schuljahr, beispielsweise bei der Vorbereitung der w\u00f6chentlichen Treffen, der Planung, Gestaltung und Durchf\u00fchrung von Veranstaltungen, sowie der Kassenf\u00fchrung, der Finanzierung und auch in rechtlichen Aspekten. Gemeinsam mit den Sch\u00fclersprecher*innen bereiten sie die Antr\u00e4ge f\u00fcr das Schulforum vor. Sowohl die Organisation und Durchf\u00fchrung der Klassensprecher- und Sch\u00fclersprecherwahlen, als auch die Betreuung und Realisierung der j\u00e4hrlichen SMV-Fahrt fallen in den Aufgabenbereich der Verbindungslehrkr\u00e4fte.<\/p>\n\n\n\n<figure class=\"wp-block-image aligncenter size-large is-resized\"><img loading=\"lazy\" decoding=\"async\" width=\"1024\" height=\"768\" src=\"https:\/\/home.graf-rasso-gymnasium.de\/home\/files\/2024\/01\/2024-25\/verbindungslehrer2_2526-1024x768.jpg\" alt=\"\" class=\"wp-image-18267\" style=\"width:880px;height:auto\" srcset=\"https:\/\/home.graf-rasso-gymnasium.de\/home\/files\/2024\/01\/2024-25\/verbindungslehrer2_2526-1024x768.jpg 1024w, https:\/\/home.graf-rasso-gymnasium.de\/home\/files\/2024\/01\/2024-25\/verbindungslehrer2_2526-300x225.jpg 300w, https:\/\/home.graf-rasso-gymnasium.de\/home\/files\/2024\/01\/2024-25\/verbindungslehrer2_2526-768x576.jpg 768w, https:\/\/home.graf-rasso-gymnasium.de\/home\/files\/2024\/01\/2024-25\/verbindungslehrer2_2526.jpg 1045w\" sizes=\"auto, (max-width: 1024px) 100vw, 1024px\" \/><figcaption class=\"wp-element-caption\">Verbindungslehrkr\u00e4fte mit Sch\u00fclersprecherInnen 25\/26<\/figcaption><\/figure>\n\n\n\n<p><\/p>\n","protected":false},"excerpt":{"rendered":"<p>Wir sind die f\u00fcr das Schuljahr 2025\/26 gew\u00e4hlten Verbindungslehrkr\u00e4fte. Ausf\u00fchrliche Gespr\u00e4che mit uns k\u00f6nnen w\u00e4hrend des Unterrichtsbetriebs nach vorheriger Anmeldung (\u00fcber Untis oder pers\u00f6nlich) und bei gleichzeitigem Einverst\u00e4ndnis der betroffenen Lehrkraft w\u00e4hrend unserer Verbindungslehrer-Sprechstunden stattfinden: Frau Herweg: Montag 3. Stunde Herr Huber: Dienstag 2. Stunde Im Anschluss an das Gespr\u00e4ch best\u00e4tigen wir lediglich dein Erscheinen [&hellip;]<\/p>\n","protected":false},"author":18,"featured_media":0,"parent":0,"menu_order":0,"comment_status":"closed","ping_status":"closed","template":"","meta":{"footnotes":""},"class_list":["post-16751","page","type-page","status-publish","hentry"],"_links":{"self":[{"href":"https:\/\/home.graf-rasso-gymnasium.de\/home\/wp-json\/wp\/v2\/pages\/16751","targetHints":{"allow":["GET"]}}],"collection":[{"href":"https:\/\/home.graf-rasso-gymnasium.de\/home\/wp-json\/wp\/v2\/pages"}],"about":[{"href":"https:\/\/home.graf-rasso-gymnasium.de\/home\/wp-json\/wp\/v2\/types\/page"}],"author":[{"embeddable":true,"href":"https:\/\/home.graf-rasso-gymnasium.de\/home\/wp-json\/wp\/v2\/users\/18"}],"replies":[{"embeddable":true,"href":"https:\/\/home.graf-rasso-gymnasium.de\/home\/wp-json\/wp\/v2\/comments?post=16751"}],"version-history":[{"count":5,"href":"https:\/\/home.graf-rasso-gymnasium.de\/home\/wp-json\/wp\/v2\/pages\/16751\/revisions"}],"predecessor-version":[{"id":18268,"href":"https:\/\/home.graf-rasso-gymnasium.de\/home\/wp-json\/wp\/v2\/pages\/16751\/revisions\/18268"}],"wp:attachment":[{"href":"https:\/\/home.graf-rasso-gymnasium.de\/home\/wp-json\/wp\/v2\/media?parent=16751"}],"curies":[{"name":"wp","href":"https:\/\/api.w.org\/{rel}","templated":true}]}}