{"id":1801,"date":"2022-12-28T12:02:06","date_gmt":"2022-12-28T11:02:06","guid":{"rendered":"https:\/\/home.graf-rasso-gymnasium.de\/home\/?page_id=1801"},"modified":"2026-01-17T13:35:34","modified_gmt":"2026-01-17T12:35:34","slug":"beratung","status":"publish","type":"page","link":"https:\/\/home.graf-rasso-gymnasium.de\/home\/beratung\/","title":{"rendered":"Schulpsychologin (Einzelfallberatung)"},"content":{"rendered":"\n<p class=\"has-text-align-center has-x-large-font-size\">Marina Marek<\/p>\n\n\n\n<div class=\"wp-block-group is-nowrap is-layout-flex wp-container-core-group-is-layout-6c531013 wp-block-group-is-layout-flex\">\n<div class=\"wp-block-group has-global-padding is-layout-constrained wp-block-group-is-layout-constrained\">\n<p>Als Schulpsychologin verstehe ich mich als Ansprechpartnerin f\u00fcr Sch\u00fclerinnen und Sch\u00fcler, Eltern und Lehrkr\u00e4fte bei allen Fragen und Sorgen im Zusammenhang mit der Schule.<\/p>\n\n\n\n<p><strong>Die schulpsychologische Beratung kann hilfreich sein<\/strong><\/p>\n\n\n\n<ul class=\"wp-block-list\">\n<li>bei verfestigten Problemen im Lern- und Leistungsbereich (z.B. Konzentrationsschwierigkeiten, Lese-Rechtschreibschwierigkeiten, Lernprobleme, Motivationsprobleme)<\/li>\n\n\n\n<li>bei schulbezogenen \u00c4ngsten (z.B. Pr\u00fcfungsangst, Schulangst oder Angst, vor der Klasse zu sprechen)<\/li>\n\n\n\n<li>bei kritischen Lebensereignissen oder akuten Krisen (z.B. famili\u00e4re Probleme)<\/li>\n\n\n\n<li>als erste Anlaufstelle bei Problemen, die \u00fcber den Schulalltag hinausgehen (z.B. Depressionen, Essst\u00f6rungen)<\/li>\n\n\n\n<li>etc.<\/li>\n<\/ul>\n<\/div>\n\n\n\n<figure class=\"wp-block-image aligncenter size-large is-resized\"><img loading=\"lazy\" decoding=\"async\" width=\"990\" height=\"1024\" src=\"https:\/\/home.graf-rasso-gymnasium.de\/home\/files\/2021-22\/Marina-Marek-990x1024.jpg\" alt=\"\" class=\"wp-image-14601\" style=\"width:296px;height:auto\" srcset=\"https:\/\/home.graf-rasso-gymnasium.de\/home\/files\/2021-22\/Marina-Marek-990x1024.jpg 990w, https:\/\/home.graf-rasso-gymnasium.de\/home\/files\/2021-22\/Marina-Marek-290x300.jpg 290w, https:\/\/home.graf-rasso-gymnasium.de\/home\/files\/2021-22\/Marina-Marek-768x795.jpg 768w, https:\/\/home.graf-rasso-gymnasium.de\/home\/files\/2021-22\/Marina-Marek-1484x1536.jpg 1484w, https:\/\/home.graf-rasso-gymnasium.de\/home\/files\/2021-22\/Marina-Marek-1979x2048.jpg 1979w, https:\/\/home.graf-rasso-gymnasium.de\/home\/files\/2021-22\/Marina-Marek-scaled.jpg 676w\" sizes=\"auto, (max-width: 990px) 100vw, 990px\" \/><\/figure>\n<\/div>\n\n\n\n<p>Schulpsychologinnen und Schulpsychologen sind an die <strong>Schweigepflicht<\/strong> gebunden. Die Beratung ist\u00a0<strong>kostenlos<\/strong>\u00a0und\u00a0<strong>freiwillig<\/strong>.<\/p>\n\n\n\n<p>Die schulpsychologische Beratung versucht, andere Blickwinkel zu er\u00f6ffnen und neue Ziele zu entwickeln. Gerne k\u00f6nnen wir in einem pers\u00f6nlichen Gespr\u00e4ch Unterst\u00fctzungsm\u00f6glichkeiten kl\u00e4ren.<\/p>\n\n\n\n<p>Kontaktm\u00f6glichkeiten:<\/p>\n\n\n\n<ul class=\"wp-block-list\">\n<li>bevorzugt \u00fcber Webuntis<\/li>\n\n\n\n<li>per E-Mail: <a href=\"mailto:marina.marek@schule.bayern.de\">marina.marek@schule.bayern.de<\/a><\/li>\n\n\n\n<li>w\u00e4hrend meiner Telefonsprechstunde: &nbsp;Montag, 11:30 &#8211; 12:15 Uhr, 08141 6111 451 (keine Voranmeldung n\u00f6tig)<\/li>\n\n\n\n<li>in meiner&nbsp;Sch\u00fclersprechstunde: Mittwoch in der 1. Pause, Beratungszimmer (B.2.08) ohne Voranmeldung (erstes Kennenlernen; weitere Terminvereinbarung)<\/li>\n\n\n\n<li>durch einen Zettel in meinem Fach (Name, M\u00f6glichkeit der Kontaktaufnahme)<\/li>\n<\/ul>\n\n\n\n<p>Ich freue mich auf eine vertrauensvolle Zusammenarbeit!<\/p>\n\n\n\n<p>Marina Marek<\/p>\n","protected":false},"excerpt":{"rendered":"<p>Marina Marek Als Schulpsychologin verstehe ich mich als Ansprechpartnerin f\u00fcr Sch\u00fclerinnen und Sch\u00fcler, Eltern und Lehrkr\u00e4fte bei allen Fragen und Sorgen im Zusammenhang mit der Schule. Die schulpsychologische Beratung kann hilfreich sein Schulpsychologinnen und Schulpsychologen sind an die Schweigepflicht gebunden. Die Beratung ist\u00a0kostenlos\u00a0und\u00a0freiwillig. Die schulpsychologische Beratung versucht, andere Blickwinkel zu er\u00f6ffnen und neue Ziele zu [&hellip;]<\/p>\n","protected":false},"author":18,"featured_media":0,"parent":0,"menu_order":2,"comment_status":"closed","ping_status":"closed","template":"","meta":{"footnotes":""},"class_list":["post-1801","page","type-page","status-publish","hentry"],"_links":{"self":[{"href":"https:\/\/home.graf-rasso-gymnasium.de\/home\/wp-json\/wp\/v2\/pages\/1801","targetHints":{"allow":["GET"]}}],"collection":[{"href":"https:\/\/home.graf-rasso-gymnasium.de\/home\/wp-json\/wp\/v2\/pages"}],"about":[{"href":"https:\/\/home.graf-rasso-gymnasium.de\/home\/wp-json\/wp\/v2\/types\/page"}],"author":[{"embeddable":true,"href":"https:\/\/home.graf-rasso-gymnasium.de\/home\/wp-json\/wp\/v2\/users\/18"}],"replies":[{"embeddable":true,"href":"https:\/\/home.graf-rasso-gymnasium.de\/home\/wp-json\/wp\/v2\/comments?post=1801"}],"version-history":[{"count":114,"href":"https:\/\/home.graf-rasso-gymnasium.de\/home\/wp-json\/wp\/v2\/pages\/1801\/revisions"}],"predecessor-version":[{"id":18235,"href":"https:\/\/home.graf-rasso-gymnasium.de\/home\/wp-json\/wp\/v2\/pages\/1801\/revisions\/18235"}],"wp:attachment":[{"href":"https:\/\/home.graf-rasso-gymnasium.de\/home\/wp-json\/wp\/v2\/media?parent=1801"}],"curies":[{"name":"wp","href":"https:\/\/api.w.org\/{rel}","templated":true}]}}