{"id":18426,"date":"2026-01-17T12:51:47","date_gmt":"2026-01-17T11:51:47","guid":{"rendered":"https:\/\/home.graf-rasso-gymnasium.de\/home\/?page_id=18426"},"modified":"2026-01-17T12:54:05","modified_gmt":"2026-01-17T11:54:05","slug":"fachschaftsleitungen","status":"publish","type":"page","link":"https:\/\/home.graf-rasso-gymnasium.de\/home\/fachschaftsleitungen\/","title":{"rendered":"Fachschaftsleitungen"},"content":{"rendered":"\n<figure class=\"wp-block-image aligncenter size-large\"><img loading=\"lazy\" decoding=\"async\" width=\"1024\" height=\"682\" src=\"https:\/\/home.graf-rasso-gymnasium.de\/home\/files\/2026\/01\/2024-25\/2025-11-19_GRG-FB_05_web-1024x682.jpg\" alt=\"\" class=\"wp-image-18430\" srcset=\"https:\/\/home.graf-rasso-gymnasium.de\/home\/files\/2026\/01\/2024-25\/2025-11-19_GRG-FB_05_web-1024x682.jpg 1024w, https:\/\/home.graf-rasso-gymnasium.de\/home\/files\/2026\/01\/2024-25\/2025-11-19_GRG-FB_05_web-300x200.jpg 300w, https:\/\/home.graf-rasso-gymnasium.de\/home\/files\/2026\/01\/2024-25\/2025-11-19_GRG-FB_05_web-768x512.jpg 768w, https:\/\/home.graf-rasso-gymnasium.de\/home\/files\/2026\/01\/2024-25\/2025-11-19_GRG-FB_05_web-1536x1023.jpg 1536w, https:\/\/home.graf-rasso-gymnasium.de\/home\/files\/2026\/01\/2024-25\/2025-11-19_GRG-FB_05_web.jpg 2048w\" sizes=\"auto, (max-width: 1024px) 100vw, 1024px\" \/><\/figure>\n\n\n\n<p style=\"border-top-color:var(--wp--preset--color--base);border-top-width:20px\"> Die Fachlichkeit ist ein spezifisches Merkmal des gymnasialen Bildungsauftrags und die fachliche Qualit\u00e4t unserer unterrichtlichen Arbeit\u00a0ist uns am GRG ein stetes Anliegen. \u00a0Die Fachschaftsleitungen \u00fcbernehmen hier eine wichtige Rolle. Sie f\u00f6rdern den fachlichen Austausch, unterst\u00fctzen neue Kolleginnen und Kollegen und initiieren (schulinterne) Fortbildungen.\u00a0In enger Zusammenarbeit mit der Schulleitung und dem Kollegium setzen sie sich f\u00fcr einen modernen, fachlich fundierten und sch\u00fclerorientierten Unterricht ein. Durch ihr Engagement leisten die Fachschaftsleitungen einen wichtigen Beitrag zur Qualit\u00e4tssicherung und Weiterentwicklung des GRG.<\/p>\n","protected":false},"excerpt":{"rendered":"<p>Die Fachlichkeit ist ein spezifisches Merkmal des gymnasialen Bildungsauftrags und die fachliche Qualit\u00e4t unserer unterrichtlichen Arbeit\u00a0ist uns am GRG ein stetes Anliegen. \u00a0Die Fachschaftsleitungen \u00fcbernehmen hier eine wichtige Rolle. Sie f\u00f6rdern den fachlichen Austausch, unterst\u00fctzen neue Kolleginnen und Kollegen und initiieren (schulinterne) Fortbildungen.\u00a0In enger Zusammenarbeit mit der Schulleitung und dem Kollegium setzen sie sich f\u00fcr [&hellip;]<\/p>\n","protected":false},"author":20,"featured_media":0,"parent":0,"menu_order":0,"comment_status":"closed","ping_status":"closed","template":"","meta":{"footnotes":""},"class_list":["post-18426","page","type-page","status-publish","hentry"],"_links":{"self":[{"href":"https:\/\/home.graf-rasso-gymnasium.de\/home\/wp-json\/wp\/v2\/pages\/18426","targetHints":{"allow":["GET"]}}],"collection":[{"href":"https:\/\/home.graf-rasso-gymnasium.de\/home\/wp-json\/wp\/v2\/pages"}],"about":[{"href":"https:\/\/home.graf-rasso-gymnasium.de\/home\/wp-json\/wp\/v2\/types\/page"}],"author":[{"embeddable":true,"href":"https:\/\/home.graf-rasso-gymnasium.de\/home\/wp-json\/wp\/v2\/users\/20"}],"replies":[{"embeddable":true,"href":"https:\/\/home.graf-rasso-gymnasium.de\/home\/wp-json\/wp\/v2\/comments?post=18426"}],"version-history":[{"count":6,"href":"https:\/\/home.graf-rasso-gymnasium.de\/home\/wp-json\/wp\/v2\/pages\/18426\/revisions"}],"predecessor-version":[{"id":18436,"href":"https:\/\/home.graf-rasso-gymnasium.de\/home\/wp-json\/wp\/v2\/pages\/18426\/revisions\/18436"}],"wp:attachment":[{"href":"https:\/\/home.graf-rasso-gymnasium.de\/home\/wp-json\/wp\/v2\/media?parent=18426"}],"curies":[{"name":"wp","href":"https:\/\/api.w.org\/{rel}","templated":true}]}}