{"id":18570,"date":"2026-01-17T15:51:41","date_gmt":"2026-01-17T14:51:41","guid":{"rendered":"https:\/\/home.graf-rasso-gymnasium.de\/home\/?page_id=18570"},"modified":"2026-01-30T15:41:04","modified_gmt":"2026-01-30T14:41:04","slug":"zweige","status":"publish","type":"page","link":"https:\/\/home.graf-rasso-gymnasium.de\/home\/zweige\/","title":{"rendered":"Ausbildungsrichtungen"},"content":{"rendered":"\n<figure class=\"wp-block-image aligncenter size-large is-resized\"><img loading=\"lazy\" decoding=\"async\" width=\"1024\" height=\"572\" src=\"https:\/\/home.graf-rasso-gymnasium.de\/home\/files\/2026\/01\/2024-25\/Ausbildungsrichtungen-1024x572.jpg\" alt=\"\" class=\"wp-image-18571\" style=\"aspect-ratio:1.7902225257526607;width:883px;height:auto\" srcset=\"https:\/\/home.graf-rasso-gymnasium.de\/home\/files\/2026\/01\/2024-25\/Ausbildungsrichtungen-1024x572.jpg 1024w, https:\/\/home.graf-rasso-gymnasium.de\/home\/files\/2026\/01\/2024-25\/Ausbildungsrichtungen-300x168.jpg 300w, https:\/\/home.graf-rasso-gymnasium.de\/home\/files\/2026\/01\/2024-25\/Ausbildungsrichtungen-768x429.jpg 768w, https:\/\/home.graf-rasso-gymnasium.de\/home\/files\/2026\/01\/2024-25\/Ausbildungsrichtungen.jpg 1234w\" sizes=\"auto, (max-width: 1024px) 100vw, 1024px\" \/><\/figure>\n\n\n\n<p>Alle Sch\u00fclerinnen und Sch\u00fcler der f\u00fcnften Klassen beginnen am GRG mit Englisch als erster Fremdsprache. In der 6. Jahrgangsstufe entscheiden sich die Sch\u00fclerinnen und Sch\u00fcler f\u00fcr Latein oder Franz\u00f6sisch als zweite Fremdsprache. Sollte die Wahl hier auf Franz\u00f6sisch fallen, so ist damit auch der sp\u00e4tere \u201eZweig\u201c festgelegt, die Sch\u00fclerinnen und Sch\u00fcler befinden sich dann im naturwissenschaftlich-technologischen Gymnasium.<\/p>\n\n\n\n<p>Die tats\u00e4chliche Zweigwahl findet in der 8. Jahrgangsstufe statt: Die Sch\u00fclerinnen und Sch\u00fcler, welche Latein als zweite Fremdsprache gew\u00e4hlt haben, k\u00f6nnen sich jetzt entweder mit Franz\u00f6sisch als dritter Fremdsprache f\u00fcr den sprachlichen Zweig entscheiden. Alternativ entscheiden sich die Sch\u00fclerinnen und Sch\u00fcler bewusst gegen eine weitere Fremdsprache und f\u00fcr den naturwissenschaftlich-technologischen Zweig. Damit erhalten sie eine vertiefte Einf\u00fchrung in die Naturwissenschaften Physik und Chemie sowie in die Informatik. Chemie wird ab der 8. Jahrgangsstufe als Kernfach unterrichtet.&nbsp;<\/p>\n\n\n\n<p>Weitere Informationen finden Sie auf den <a href=\"https:\/\/www.km.bayern.de\/lernen\/schularten\/gymnasium\/ausbildungsrichtungen-und-fremdsprachenfolgen\">Seiten des Ministeriums<\/a>. Zudem informieren wir bei einem j\u00e4hrlich stattfindenden Infoabend ausf\u00fchrlich \u00fcber die Ausgestaltung des jeweiligen \u201eZweigs\u201c.<\/p>\n\n\n\n<p><\/p>\n","protected":false},"excerpt":{"rendered":"<p>Alle Sch\u00fclerinnen und Sch\u00fcler der f\u00fcnften Klassen beginnen am GRG mit Englisch als erster Fremdsprache. In der 6. Jahrgangsstufe entscheiden sich die Sch\u00fclerinnen und Sch\u00fcler f\u00fcr Latein oder Franz\u00f6sisch als zweite Fremdsprache. Sollte die Wahl hier auf Franz\u00f6sisch fallen, so ist damit auch der sp\u00e4tere \u201eZweig\u201c festgelegt, die Sch\u00fclerinnen und Sch\u00fcler befinden sich dann im [&hellip;]<\/p>\n","protected":false},"author":20,"featured_media":0,"parent":0,"menu_order":0,"comment_status":"closed","ping_status":"closed","template":"","meta":{"footnotes":""},"class_list":["post-18570","page","type-page","status-publish","hentry"],"_links":{"self":[{"href":"https:\/\/home.graf-rasso-gymnasium.de\/home\/wp-json\/wp\/v2\/pages\/18570","targetHints":{"allow":["GET"]}}],"collection":[{"href":"https:\/\/home.graf-rasso-gymnasium.de\/home\/wp-json\/wp\/v2\/pages"}],"about":[{"href":"https:\/\/home.graf-rasso-gymnasium.de\/home\/wp-json\/wp\/v2\/types\/page"}],"author":[{"embeddable":true,"href":"https:\/\/home.graf-rasso-gymnasium.de\/home\/wp-json\/wp\/v2\/users\/20"}],"replies":[{"embeddable":true,"href":"https:\/\/home.graf-rasso-gymnasium.de\/home\/wp-json\/wp\/v2\/comments?post=18570"}],"version-history":[{"count":3,"href":"https:\/\/home.graf-rasso-gymnasium.de\/home\/wp-json\/wp\/v2\/pages\/18570\/revisions"}],"predecessor-version":[{"id":18631,"href":"https:\/\/home.graf-rasso-gymnasium.de\/home\/wp-json\/wp\/v2\/pages\/18570\/revisions\/18631"}],"wp:attachment":[{"href":"https:\/\/home.graf-rasso-gymnasium.de\/home\/wp-json\/wp\/v2\/media?parent=18570"}],"curies":[{"name":"wp","href":"https:\/\/api.w.org\/{rel}","templated":true}]}}