{"id":1880,"date":"2013-07-22T14:48:51","date_gmt":"2013-07-22T12:48:51","guid":{"rendered":"https:\/\/home.graf-rasso-gymnasium.de\/home\/?page_id=1880"},"modified":"2026-03-04T08:28:08","modified_gmt":"2026-03-04T07:28:08","slug":"foerderverein","status":"publish","type":"page","link":"https:\/\/home.graf-rasso-gymnasium.de\/home\/unsere-schule\/foerderverein\/","title":{"rendered":"F\u00f6rderverein"},"content":{"rendered":"\n<p>Der F\u00f6rderverein unterst\u00fctzt in Zusammenarbeit mit dem Elternbeirat und der Schulleitung die Erziehungsarbeit des Graf-Rasso-Gymnasiums in finanzieller Hinsicht &#8211; und Sie k\u00f6nnen uns dabei helfen. (Wie? Siehe <a href=\"#sieHelfen\">unten<\/a>)<\/p>\n\n\n\n<p><strong>Unser Vorstand<\/strong><\/p>\n\n\n\n<p>Korinna Konietschke, 1. Vorsitzende<\/p>\n\n\n\n<p>Dr. Jutta Lehmann, 2. Vorsitzende<\/p>\n\n\n\n<p>S\u00f6ren Lessmann, KassierAlexandra Smajic, Angela Jahraus, Dr. Martin J\u00f6stingmeier, Stefan Hamberger, Beisitzende<\/p>\n\n\n\n<p> <\/p>\n\n\n\n<h2 class=\"wp-block-heading\">Wie hilft der F\u00f6rderverein?<\/h2>\n\n\n\n<p>In Zusammenarbeit mit dem Elternbeirat organisiert und vor allem finanziert der F\u00f6rderverein Workshops und Projekte f\u00fcr Sch\u00fcler, wie z.B.<\/p>\n\n\n\n<ul class=\"wp-block-list\">\n<li>Inklusion &#8211; Leben mit Handicap<\/li>\n\n\n\n<li>10-Finger-Tastschreiben-Kurs am PC<\/li>\n<\/ul>\n\n\n\n<p>sowie Vortr\u00e4ge f\u00fcr Eltern und Sch\u00fcler zu erziehungsrelevanten Themen wie z.B.<\/p>\n\n\n\n<ul class=\"wp-block-list\">\n<li>Digitaltraining mit Mediencoach Daniel Dell\u2019Acquia<\/li>\n\n\n\n<li>Latein zum Anfassen: Vortrag &#8222;Schlechte Karten f\u00fcr Jupiter&#8220;<\/li>\n\n\n\n<li>Medienkompetenz &amp; Cybermobbing<\/li>\n\n\n\n<li>Pr\u00fcfungsangst<\/li>\n\n\n\n<li>Gehirnentwicklung<\/li>\n\n\n\n<li>Pubert\u00e4t<\/li>\n<\/ul>\n\n\n\n<p>In Absprache mit der Schulleitung unterst\u00fctzt der F\u00f6rderverein die Finanzierung von zus\u00e4tzlicher Ausstattung mit Lernmitteln wie z.B. Experimentierk\u00e4sten f\u00fcr Physik, Lekt\u00fcren oder W\u00f6rterb\u00fccher f\u00fcr Englisch und Franz\u00f6sisch<\/p>\n\n\n\n<p>Ebenso hilft der F\u00f6rderverein bei der Finanzierung von Sch\u00fcler-Arbeitsgemeinschaften, wie z.B.<\/p>\n\n\n\n<ul class=\"wp-block-list\">\n<li>Ackerdemie: Anschaffungen f\u00fcr den Anbau im Schulgarten<\/li>\n\n\n\n<li>Anschaffung von Ukulelen, Latein-W\u00f6rterb\u00fcchern, Kunstmaterialien, Atlanten<\/li>\n\n\n\n<li>Fahrkosten und Verpflegung bei den MINT-Tagen an der TU M\u00fcnchen<\/li>\n\n\n\n<li>Technik AG<\/li>\n\n\n\n<li>Sch\u00fclerbibliothek: Erweiterung des Bestandes. Lesef\u00f6rderung<\/li>\n\n\n\n<li>Sch\u00fclerzeitung: Lizenz f\u00fcr Layoutprogramm<\/li>\n\n\n\n<li>Schulsanit\u00e4tsdienst: einheitliche T-Shirts<\/li>\n\n\n\n<li>Schulzirkus: einheitliche T-Shirts<\/li>\n\n\n\n<li>Schach-AG: Erstanschaffung Schachbretter und Zubeh\u00f6r<\/li>\n\n\n\n<li>Formel 1 in der Schule: Zuschuss zu Fahrtkosten f\u00fcr Meisterschaft 2024<\/li>\n\n\n\n<li>SMV<\/li>\n\n\n\n<li>\u00d6kumenischer Arbeitskreis<\/li>\n\n\n\n<li>Mathegym (online-Mathetrainer, der dadurch allen Sch\u00fcler(innen) am GRG kostenlos zur Verf\u00fcgung steht)<\/li>\n<\/ul>\n\n\n\n<p>Genauso wichtig: Der F\u00f6rderverein beteiligt sich an den Kosten zu Sch\u00fclerfahrten, Veranstaltungen und Exkursionen f\u00fcr finanziell schwach gestellte Familien durch Zusch\u00fcsse. Au\u00dferdem unterst\u00fctzt er die offene Ganztagsschule.<\/p>\n\n\n\n<h2 class=\"wp-block-heading\"><a id=\"sieHelfen\"><\/a>So k\u00f6nnen Sie helfen:<\/h2>\n\n\n\n<ul class=\"wp-block-list\">\n<li><strong>Werden Sie Mitglied <\/strong>und unterst\u00fctzen das GRG mit ihrem j\u00e4hrlichen Mitgliedsbeitrag.<br \/><a href=\"https:\/\/home.graf-rasso-gymnasium.de\/home\/files\/2019-20\/GRG-FV_Aufnahmeatrag_interaktiv.pdf\">Zum Aufnahmeformular<\/a><\/li>\n\n\n\n<li><strong>Spenden:<\/strong><br \/>Spenden an den F\u00f6rderverein bitte an:<br \/>F\u00f6rderverein Graf-Rasso-Gymnasium, F\u00fcrstenfeldbruck<br \/>IBAN: DE74 7005 3070 0008 0474 74<br \/>BIC: BYLADEM1FFB<br \/>bei der Stadtsparkasse F\u00fcrstenfeldbruck<\/li>\n\n\n\n<li><strong>Helfen beim Einkaufen im Internet<\/strong><br \/>Unterst\u00fctzen Sie den F\u00f6rderverein &#8211; und damit unsere Kinder &#8211; indem Sie beim Einkaufen im Internet vorher den Bildungsspender (<a href=\"http:\/\/www.bildungsspender.de\/grg\">www.bildungsspender.de\/grg<\/a>) besuchen. Ein <a href=\"https:\/\/www.bildungsspender.de\/grg\/erklaervideos\">kurzes allgemeines Erkl\u00e4rvideo zum Bildungsspender finden Sie hier<\/a>.<\/li>\n<\/ul>\n\n\n\n<h2 class=\"wp-block-heading\"><strong>Kontakt<\/strong><\/h2>\n\n\n\n<p>Zur Kontaktaufnahme mit dem F\u00f6rderverein schicken Sie bitte eine E-Mail an <a href=\"mailto:fv-grg@gmx.de\">fv-grg@gmx.de<\/a>. Ihre E-Mail wird direkt an die 1. Vorsitzende, Korinna Konietschke, weitergeleitet und bleibt vertraulich.<\/p>\n\n\n\n<h2 class=\"wp-block-heading\"><strong>Satzung \/ Weitere Infos<\/strong><\/h2>\n\n\n\n<ul class=\"wp-block-list\">\n<li><a href=\"https:\/\/home.graf-rasso-gymnasium.de\/home\/files\/2024\/11\/2024-25\/FV_GRG_Final_geaenderte_Satzung_mit-Unterschrift_2020_06jun_23-1.pdf\">Satzung der Freunde und F\u00f6rderer des Graf-Rasso-Gymnasiums e. V.<\/a><\/li>\n\n\n\n<li><a href=\"https:\/\/home.graf-rasso-gymnasium.de\/home\/files\/2022-23\/Freistellungsbescheid_2019-2021_Foerderverein-GRG.pdf\">Freistellungsbescheid (=Bescheinigung der Gemeinn\u00fctzigkeit)<\/a><\/li>\n\n\n\n<li><a href=\"https:\/\/home.graf-rasso-gymnasium.de\/home\/files\/2019-20\/GRG-FV_Werbeflyer_web.pdf\">Informationsflyer<\/a><\/li>\n\n\n\n<li><a href=\"https:\/\/home.graf-rasso-gymnasium.de\/home\/files\/2024\/11\/2024-25\/GRG-FV_Aufnahmeantrag_4seitig_2024.pdf\">Aufnahmeantrag<\/a><\/li>\n<\/ul>\n\n\n\n<h2 class=\"wp-block-heading\"><strong>Beitr\u00e4ge<\/strong><\/h2>\n\n\n\n<p><a href=\"https:\/\/home.graf-rasso-gymnasium.de\/home\/files\/2026\/03\/2024-25\/Bericht-Digitaltraining_final.pdf\" data-type=\"attachment\" data-id=\"18749\">Digitaltraining am GRG<\/a><\/p>\n\n\n\n<p><a href=\"https:\/\/home.graf-rasso-gymnasium.de\/home\/files\/2026\/03\/2024-25\/Bericht_Online-Familienabend_Smartphone-Ueberlebenstipps-2024.pdf\" data-type=\"attachment\" data-id=\"18750\">Online-Familienvortrag \u201eSmartphone-\u00dcberlebenstipps\u201c ein voller<br \/>Erfolg<\/a><\/p>\n\n\n\n<p><a href=\"https:\/\/home.graf-rasso-gymnasium.de\/home\/files\/2026\/03\/2024-25\/Bericht-FoeV_2024_25.pdf\" data-type=\"attachment\" data-id=\"18748\">R\u00fcckblick des F\u00f6rdervereins 2024\/2025<\/a><\/p>\n\n\n\n<p><a href=\"https:\/\/home.graf-rasso-gymnasium.de\/home\/files\/2026\/03\/2024-25\/Bericht-FoeV_2024_25.pdf\" data-type=\"attachment\" data-id=\"18748\">R\u00fcckblick des F\u00f6rdervereins 2023\/2024<\/a><\/p>\n\n\n\n\n\n\n\n\n\n<p><a href=\"https:\/\/home.graf-rasso-gymnasium.de\/home\/files\/2026\/03\/2024-25\/Beitrag_EB_FV_-Jahresbericht_22_23.pdf\" data-type=\"attachment\" data-id=\"18747\">Jahresbericht des F\u00f6rdervereins 2022\/2023<\/a><\/p>\n\n\n\n<p><\/p>\n","protected":false},"excerpt":{"rendered":"<p>Der F\u00f6rderverein unterst\u00fctzt in Zusammenarbeit mit dem Elternbeirat und der Schulleitung die Erziehungsarbeit des Graf-Rasso-Gymnasiums in finanzieller Hinsicht &#8211; und Sie k\u00f6nnen uns dabei helfen. (Wie? Siehe unten) Unser Vorstand Korinna Konietschke, 1. Vorsitzende Dr. Jutta Lehmann, 2. Vorsitzende S\u00f6ren Lessmann, KassierAlexandra Smajic, Angela Jahraus, Dr. Martin J\u00f6stingmeier, Stefan Hamberger, Beisitzende Wie hilft der F\u00f6rderverein? [&hellip;]<\/p>\n","protected":false},"author":13,"featured_media":0,"parent":1653,"menu_order":4,"comment_status":"closed","ping_status":"closed","template":"","meta":{"footnotes":""},"class_list":["post-1880","page","type-page","status-publish","hentry"],"_links":{"self":[{"href":"https:\/\/home.graf-rasso-gymnasium.de\/home\/wp-json\/wp\/v2\/pages\/1880","targetHints":{"allow":["GET"]}}],"collection":[{"href":"https:\/\/home.graf-rasso-gymnasium.de\/home\/wp-json\/wp\/v2\/pages"}],"about":[{"href":"https:\/\/home.graf-rasso-gymnasium.de\/home\/wp-json\/wp\/v2\/types\/page"}],"author":[{"embeddable":true,"href":"https:\/\/home.graf-rasso-gymnasium.de\/home\/wp-json\/wp\/v2\/users\/13"}],"replies":[{"embeddable":true,"href":"https:\/\/home.graf-rasso-gymnasium.de\/home\/wp-json\/wp\/v2\/comments?post=1880"}],"version-history":[{"count":55,"href":"https:\/\/home.graf-rasso-gymnasium.de\/home\/wp-json\/wp\/v2\/pages\/1880\/revisions"}],"predecessor-version":[{"id":18751,"href":"https:\/\/home.graf-rasso-gymnasium.de\/home\/wp-json\/wp\/v2\/pages\/1880\/revisions\/18751"}],"up":[{"embeddable":true,"href":"https:\/\/home.graf-rasso-gymnasium.de\/home\/wp-json\/wp\/v2\/pages\/1653"}],"wp:attachment":[{"href":"https:\/\/home.graf-rasso-gymnasium.de\/home\/wp-json\/wp\/v2\/media?parent=1880"}],"curies":[{"name":"wp","href":"https:\/\/api.w.org\/{rel}","templated":true}]}}