{"id":18840,"date":"2026-03-23T12:13:03","date_gmt":"2026-03-23T11:13:03","guid":{"rendered":"https:\/\/home.graf-rasso-gymnasium.de\/home\/?page_id=18840"},"modified":"2026-04-16T08:57:14","modified_gmt":"2026-04-16T06:57:14","slug":"geschichte-des-grg","status":"publish","type":"page","link":"https:\/\/home.graf-rasso-gymnasium.de\/home\/geschichte-des-grg\/","title":{"rendered":"Die Geschichte des GRG"},"content":{"rendered":"\t\t\t<!-- Cool Timeline Free V3.3.1 -->\n\t\t\t<div class=\"ctl-wrapper\" role=\"region\" aria-label=\"Timeline\">\n\t\t\t\t\t\t\t\t<div id=\"cool_timeline_1\" class=\"cool-timeline-wrapper ctl-both-sided ctl-vertical-wrapper\" >\n\t\t\t\t\t<div class=\"ctl-start\"><\/div>\n\t\t\t\t\t<!-- Timeline Container -->\n\t\t\t\t\t<div class=\"ctl-timeline ctl-timeline-container\" data-animation=\"fade-up\">\n\t\t\t\t\t\t<!-- Center Line -->\n\t\t\t\t\t\t<div class=\"ctl-inner-line\" role=\"presentation\"><\/div>\n\t\t\t\t\t\t\t\t\t\t\t\t<!-- Story Year Section --><div data-cls=\"sc-nv-light vertical\" class=\"timeline-year scrollable-section ctl-year ctl-year-container light-year\" data-section-title=\"1947\" id=\"year-1947\"><div class=\"ctl-year-label ctl-year-text\"><span>1947<\/span><\/div><\/div><!-- Timeline Content --><div  id=\"ctl-story-18853\" class=\"ctl-story ctl-story-dot-icon odd ctl-story-left\" data-aos=\"fade-up\"   data-story-index=\"1\" role=\"article\"><!-- Story Date --><div class=\"ctl-labels\"><div class=\"ctl-label-big story-date\">1947<\/div><\/div><!-- Story IconDot --><div class=\"ctl-icondot\"><\/div> <!-- Story Arrow --><div class=\"ctl-arrow\"><\/div><!-- Story Content --><div class=\"ctl-content\"><!-- Story Title --><div class=\"ctl-title story-18853\" aria-label=\"2\">Geburtsstunde des sp\u00e4teren Graf-Rasso-Gymnasiums<\/div><!-- Story Media --><div class=\"ctl-media full\"><a data-glightbox=\"Geburtsstunde des sp\u00e4teren Graf-Rasso-Gymnasiums\" href=\"https:\/\/home.graf-rasso-gymnasium.de\/home\/files\/2026\/03\/2024-25\/Bild-1-Bichlerbraeu.jpg\" class=\"ctl_glightbox\"><img loading=\"lazy\" decoding=\"async\" width=\"694\" height=\"1024\" src=\"https:\/\/home.graf-rasso-gymnasium.de\/home\/files\/2026\/03\/2024-25\/Bild-1-Bichlerbraeu-694x1024.jpg\" class=\"story-img wp-post-image\" alt=\"Geburtsstunde des sp\u00e4teren Graf-Rasso-Gymnasiums\" srcset=\"https:\/\/home.graf-rasso-gymnasium.de\/home\/files\/2026\/03\/2024-25\/Bild-1-Bichlerbraeu-694x1024.jpg 694w, https:\/\/home.graf-rasso-gymnasium.de\/home\/files\/2026\/03\/2024-25\/Bild-1-Bichlerbraeu-203x300.jpg 203w, https:\/\/home.graf-rasso-gymnasium.de\/home\/files\/2026\/03\/2024-25\/Bild-1-Bichlerbraeu-768x1133.jpg 768w, https:\/\/home.graf-rasso-gymnasium.de\/home\/files\/2026\/03\/2024-25\/Bild-1-Bichlerbraeu-1041x1536.jpg 1041w, https:\/\/home.graf-rasso-gymnasium.de\/home\/files\/2026\/03\/2024-25\/Bild-1-Bichlerbraeu.jpg 1223w\" sizes=\"auto, (max-width: 694px) 100vw, 694px\" \/><\/a><\/div><!-- Story Description --><div class=\"ctl-description\"><strong>5. Dezember 1947:<\/strong> Geburtsstunde des sp\u00e4teren Graf-Rasso-Gymnasiums als Zweigstelle der Oberrealschule M\u00fcnchen-Pasing im Gasthaus Bichlerbr\u00e4u, dem heutigen Hypogeb\u00e4ude in der Hauptstra\u00dfe.<\/div><\/div><\/div><!-- Story Year Section --><div data-cls=\"sc-nv-light vertical\" class=\"timeline-year scrollable-section ctl-year ctl-year-container light-year\" data-section-title=\"1951\" id=\"year-1951\"><div class=\"ctl-year-label ctl-year-text\"><span>1951<\/span><\/div><\/div><!-- Timeline Content --><div  id=\"ctl-story-18854\" class=\"ctl-story ctl-story-dot-icon even ctl-story-right\" data-aos=\"fade-up\"   data-story-index=\"2\" role=\"article\"><!-- Story Date --><div class=\"ctl-labels\"><div class=\"ctl-label-big story-date\">1951<\/div><\/div><!-- Story IconDot --><div class=\"ctl-icondot\"><\/div> <!-- Story Arrow --><div class=\"ctl-arrow\"><\/div><!-- Story Content --><div class=\"ctl-content\"><!-- Story Title --><div class=\"ctl-title story-18854\" aria-label=\"2\">Schulische Selbstst\u00e4ndigkeit<\/div><!-- Story Description --><div class=\"ctl-description\"><p><strong>01. Januar 1951<\/strong>: Erhalt der schulischen Selbstst\u00e4ndigkeit \u2013 haushaltsrechtlich jedoch der Oberrealschule M\u00fcnchen-Pasing angeschlossen<\/p>\n<\/div><\/div><\/div><!-- Story Year Section --><div data-cls=\"sc-nv-light vertical\" class=\"timeline-year scrollable-section ctl-year ctl-year-container light-year\" data-section-title=\"1952\" id=\"year-1952\"><div class=\"ctl-year-label ctl-year-text\"><span>1952<\/span><\/div><\/div><!-- Timeline Content --><div  id=\"ctl-story-18855\" class=\"ctl-story ctl-story-dot-icon odd ctl-story-left\" data-aos=\"fade-up\"   data-story-index=\"3\" role=\"article\"><!-- Story Date --><div class=\"ctl-labels\"><div class=\"ctl-label-big story-date\">1952<\/div><\/div><!-- Story IconDot --><div class=\"ctl-icondot\"><\/div> <!-- Story Arrow --><div class=\"ctl-arrow\"><\/div><!-- Story Content --><div class=\"ctl-content\"><!-- Story Title --><div class=\"ctl-title story-18855\" aria-label=\"2\">Der erste Umzug<\/div><!-- Story Description --><div class=\"ctl-description\"><p>Umzug der Schule in die alte Knabenschule am Niederbronner Weg.<\/p>\n<\/div><\/div><\/div><!-- Story Year Section --><div data-cls=\"sc-nv-light vertical\" class=\"timeline-year scrollable-section ctl-year ctl-year-container light-year\" data-section-title=\"1956\" id=\"year-1956\"><div class=\"ctl-year-label ctl-year-text\"><span>1956<\/span><\/div><\/div><!-- Timeline Content --><div  id=\"ctl-story-18857\" class=\"ctl-story ctl-story-dot-icon even ctl-story-right\" data-aos=\"fade-up\"   data-story-index=\"4\" role=\"article\"><!-- Story Date --><div class=\"ctl-labels\"><div class=\"ctl-label-big story-date\">1956<\/div><\/div><!-- Story IconDot --><div class=\"ctl-icondot\"><\/div> <!-- Story Arrow --><div class=\"ctl-arrow\"><\/div><!-- Story Content --><div class=\"ctl-content\"><!-- Story Title --><div class=\"ctl-title story-18857\" aria-label=\"2\">Beginn einer neuen Epoche<\/div><!-- Story Media --><div class=\"ctl-media full\"><a data-glightbox=\"Beginn einer neuen Epoche\" href=\"https:\/\/home.graf-rasso-gymnasium.de\/home\/files\/2026\/03\/2024-25\/Bild-2-neue-Schule-Theresianumweg.jpg\" class=\"ctl_glightbox\"><img loading=\"lazy\" decoding=\"async\" width=\"1024\" height=\"684\" src=\"https:\/\/home.graf-rasso-gymnasium.de\/home\/files\/2026\/03\/2024-25\/Bild-2-neue-Schule-Theresianumweg-1024x684.jpg\" class=\"story-img wp-post-image\" alt=\"Beginn einer neuen Epoche\" srcset=\"https:\/\/home.graf-rasso-gymnasium.de\/home\/files\/2026\/03\/2024-25\/Bild-2-neue-Schule-Theresianumweg-1024x684.jpg 1024w, https:\/\/home.graf-rasso-gymnasium.de\/home\/files\/2026\/03\/2024-25\/Bild-2-neue-Schule-Theresianumweg-300x200.jpg 300w, https:\/\/home.graf-rasso-gymnasium.de\/home\/files\/2026\/03\/2024-25\/Bild-2-neue-Schule-Theresianumweg-768x513.jpg 768w, https:\/\/home.graf-rasso-gymnasium.de\/home\/files\/2026\/03\/2024-25\/Bild-2-neue-Schule-Theresianumweg-1536x1025.jpg 1536w, https:\/\/home.graf-rasso-gymnasium.de\/home\/files\/2026\/03\/2024-25\/Bild-2-neue-Schule-Theresianumweg.jpg 1814w\" sizes=\"auto, (max-width: 1024px) 100vw, 1024px\" \/><\/a><\/div><!-- Story Description --><div class=\"ctl-description\"><p><strong>01. Dezember 1956<\/strong>: Die Schule wird eine selbstst\u00e4ndige staatliche H\u00f6here Schule und der sogenannte Altbau auf der Theresianumswiese (Theresienwiese) wird er\u00f6ffnet.<\/p>\n<\/div><\/div><\/div><!-- Story Year Section --><div data-cls=\"sc-nv-light vertical\" class=\"timeline-year scrollable-section ctl-year ctl-year-container light-year\" data-section-title=\"1959\" id=\"year-1959\"><div class=\"ctl-year-label ctl-year-text\"><span>1959<\/span><\/div><\/div><!-- Timeline Content --><div  id=\"ctl-story-18858\" class=\"ctl-story ctl-story-dot-icon odd ctl-story-left\" data-aos=\"fade-up\"   data-story-index=\"5\" role=\"article\"><!-- Story Date --><div class=\"ctl-labels\"><div class=\"ctl-label-big story-date\">1959<\/div><\/div><!-- Story IconDot --><div class=\"ctl-icondot\"><\/div> <!-- Story Arrow --><div class=\"ctl-arrow\"><\/div><!-- Story Content --><div class=\"ctl-content\"><!-- Story Title --><div class=\"ctl-title story-18858\" aria-label=\"2\">Das erste Abitur<\/div><!-- Story Description --><div class=\"ctl-description\"><p>Der erste Jahrgang absolviert das Abitur.<\/p>\n<p>&nbsp;<\/p>\n<\/div><\/div><\/div><!-- Story Year Section --><div data-cls=\"sc-nv-light vertical\" class=\"timeline-year scrollable-section ctl-year ctl-year-container light-year\" data-section-title=\"1963\" id=\"year-1963\"><div class=\"ctl-year-label ctl-year-text\"><span>1963<\/span><\/div><\/div><!-- Timeline Content --><div  id=\"ctl-story-18859\" class=\"ctl-story ctl-story-dot-icon even ctl-story-right\" data-aos=\"fade-up\"   data-story-index=\"6\" role=\"article\"><!-- Story Date --><div class=\"ctl-labels\"><div class=\"ctl-label-big story-date\">1963<\/div><\/div><!-- Story IconDot --><div class=\"ctl-icondot\"><\/div> <!-- Story Arrow --><div class=\"ctl-arrow\"><\/div><!-- Story Content --><div class=\"ctl-content\"><!-- Story Title --><div class=\"ctl-title story-18859\" aria-label=\"2\">Die erste Turnhalle<\/div><!-- Story Description --><div class=\"ctl-description\"><p>Einweihung der ersten eigenen Turnhalle der Schule<\/p>\n<\/div><\/div><\/div><!-- Story Year Section --><div data-cls=\"sc-nv-light vertical\" class=\"timeline-year scrollable-section ctl-year ctl-year-container light-year\" data-section-title=\"1964\" id=\"year-1964\"><div class=\"ctl-year-label ctl-year-text\"><span>1964<\/span><\/div><\/div><!-- Timeline Content --><div  id=\"ctl-story-18863\" class=\"ctl-story ctl-story-dot-icon odd ctl-story-left\" data-aos=\"fade-up\"   data-story-index=\"7\" role=\"article\"><!-- Story Date --><div class=\"ctl-labels\"><div class=\"ctl-label-big story-date\">1964<\/div><\/div><!-- Story IconDot --><div class=\"ctl-icondot\"><\/div> <!-- Story Arrow --><div class=\"ctl-arrow\"><\/div><!-- Story Content --><div class=\"ctl-content\"><!-- Story Title --><div class=\"ctl-title story-18863\" aria-label=\"2\">Neuer Schulname<\/div><!-- Story Description --><div class=\"ctl-description\"><p>Umbenennung der Schule in \u201eGymnasium F\u00fcrstenfeldbruck\u201c.<\/p>\n<\/div><\/div><\/div><!-- Story Year Section --><div data-cls=\"sc-nv-light vertical\" class=\"timeline-year scrollable-section ctl-year ctl-year-container light-year\" data-section-title=\"2002\" id=\"year-2002\"><div class=\"ctl-year-label ctl-year-text\"><span>2002<\/span><\/div><\/div><!-- Timeline Content --><div  id=\"ctl-story-18919\" class=\"ctl-story ctl-story-dot-icon even ctl-story-right\" data-aos=\"fade-up\"   data-story-index=\"8\" role=\"article\"><!-- Story Date --><div class=\"ctl-labels\"><div class=\"ctl-label-big story-date\">2002<\/div><\/div><!-- Story IconDot --><div class=\"ctl-icondot\"><\/div> <!-- Story Arrow --><div class=\"ctl-arrow\"><\/div><!-- Story Content --><div class=\"ctl-content\"><!-- Story Title --><div class=\"ctl-title story-18919\" aria-label=\"2\">Neuer Schultr\u00e4ger<\/div><!-- Story Media --><div class=\"ctl-media full\"><a data-glightbox=\"Neuer Schultr\u00e4ger\" href=\"https:\/\/home.graf-rasso-gymnasium.de\/home\/files\/2026\/04\/2024-25\/Bild-3-Eingang-GRG-ca.-2006.jpg\" class=\"ctl_glightbox\"><img loading=\"lazy\" decoding=\"async\" width=\"1024\" height=\"692\" src=\"https:\/\/home.graf-rasso-gymnasium.de\/home\/files\/2026\/04\/2024-25\/Bild-3-Eingang-GRG-ca.-2006-1024x692.jpg\" class=\"story-img wp-post-image\" alt=\"Neuer Schultr\u00e4ger\" srcset=\"https:\/\/home.graf-rasso-gymnasium.de\/home\/files\/2026\/04\/2024-25\/Bild-3-Eingang-GRG-ca.-2006-1024x692.jpg 1024w, https:\/\/home.graf-rasso-gymnasium.de\/home\/files\/2026\/04\/2024-25\/Bild-3-Eingang-GRG-ca.-2006-300x203.jpg 300w, https:\/\/home.graf-rasso-gymnasium.de\/home\/files\/2026\/04\/2024-25\/Bild-3-Eingang-GRG-ca.-2006-768x519.jpg 768w, https:\/\/home.graf-rasso-gymnasium.de\/home\/files\/2026\/04\/2024-25\/Bild-3-Eingang-GRG-ca.-2006-1536x1037.jpg 1536w, https:\/\/home.graf-rasso-gymnasium.de\/home\/files\/2026\/04\/2024-25\/Bild-3-Eingang-GRG-ca.-2006.jpg 1811w\" sizes=\"auto, (max-width: 1024px) 100vw, 1024px\" \/><\/a><\/div><!-- Story Description --><div class=\"ctl-description\"><p><strong>01. Januar 2002: <\/strong>Die Stadt \u00fcbergibt das Graf-Rasso-Gymnasium an den Landkreis. Das Bild zeigt den Haupteingang des<br \/>\nGRG am Theresianumweg um 2002.<\/p>\n<\/div><\/div><\/div><!-- Timeline Content --><div  id=\"ctl-story-18920\" class=\"ctl-story ctl-story-dot-icon odd ctl-story-left\" data-aos=\"fade-up\"   data-story-index=\"9\" role=\"article\"><!-- Story Date --><div class=\"ctl-labels\"><div class=\"ctl-label-big story-date\">2002<\/div><\/div><!-- Story IconDot --><div class=\"ctl-icondot\"><\/div> <!-- Story Arrow --><div class=\"ctl-arrow\"><\/div><!-- Story Content --><div class=\"ctl-content\"><!-- Story Title --><div class=\"ctl-title story-18920\" aria-label=\"2\">Beschluss zum Neubau<\/div><!-- Story Description --><div class=\"ctl-description\"><p><strong>17. Oktober 2002:<\/strong> Der Kreistag fasst den Beschluss eines Neubaus auf dem Tulpenfeld.<\/p>\n<\/div><\/div><\/div><!-- Story Year Section --><div data-cls=\"sc-nv-light vertical\" class=\"timeline-year scrollable-section ctl-year ctl-year-container light-year\" data-section-title=\"2003\" id=\"year-2003\"><div class=\"ctl-year-label ctl-year-text\"><span>2003<\/span><\/div><\/div><!-- Timeline Content --><div  id=\"ctl-story-18921\" class=\"ctl-story ctl-story-dot-icon even ctl-story-right\" data-aos=\"fade-up\"   data-story-index=\"10\" role=\"article\"><!-- Story Date --><div class=\"ctl-labels\"><div class=\"ctl-label-big story-date\">2003<\/div><\/div><!-- Story IconDot --><div class=\"ctl-icondot\"><\/div> <!-- Story Arrow --><div class=\"ctl-arrow\"><\/div><!-- Story Content --><div class=\"ctl-content\"><!-- Story Title --><div class=\"ctl-title story-18921\" aria-label=\"2\">B\u00fcrgerbegehren gegen den Neubau scheitert<\/div><!-- Story Description --><div class=\"ctl-description\"><p><strong>13. Juli 2003: <\/strong>Das B\u00fcrgerbegehren gegen einen Neubau und f\u00fcr eine Sanierung des Graf-Rasso-Gymnasiums scheitert.<\/p>\n<\/div><\/div><\/div><!-- Story Year Section --><div data-cls=\"sc-nv-light vertical\" class=\"timeline-year scrollable-section ctl-year ctl-year-container light-year\" data-section-title=\"2006\" id=\"year-2006\"><div class=\"ctl-year-label ctl-year-text\"><span>2006<\/span><\/div><\/div><!-- Timeline Content --><div  id=\"ctl-story-18922\" class=\"ctl-story ctl-story-dot-icon odd ctl-story-left\" data-aos=\"fade-up\"   data-story-index=\"11\" role=\"article\"><!-- Story Date --><div class=\"ctl-labels\"><div class=\"ctl-label-big story-date\">2006<\/div><\/div><!-- Story IconDot --><div class=\"ctl-icondot\"><\/div> <!-- Story Arrow --><div class=\"ctl-arrow\"><\/div><!-- Story Content --><div class=\"ctl-content\"><!-- Story Title --><div class=\"ctl-title story-18922\" aria-label=\"2\">Spatenstich<\/div><!-- Story Description --><div class=\"ctl-description\"><p><strong>26. Juli 2006: <\/strong>Spatenstich zum Neubau der Schule.<\/p>\n<\/div><\/div><\/div><!-- Story Year Section --><div data-cls=\"sc-nv-light vertical\" class=\"timeline-year scrollable-section ctl-year ctl-year-container light-year\" data-section-title=\"2008\" id=\"year-2008\"><div class=\"ctl-year-label ctl-year-text\"><span>2008<\/span><\/div><\/div><!-- Timeline Content --><div  id=\"ctl-story-18923\" class=\"ctl-story ctl-story-dot-icon even ctl-story-right\" data-aos=\"fade-up\"   data-story-index=\"12\" role=\"article\"><!-- Story Date --><div class=\"ctl-labels\"><div class=\"ctl-label-big story-date\">2008<\/div><\/div><!-- Story IconDot --><div class=\"ctl-icondot\"><\/div> <!-- Story Arrow --><div class=\"ctl-arrow\"><\/div><!-- Story Content --><div class=\"ctl-content\"><!-- Story Title --><div class=\"ctl-title story-18923\" aria-label=\"2\">Einzug in das neue Geb\u00e4ude<\/div><!-- Story Description --><div class=\"ctl-description\"><p>Fertigstellung des Neubaus zum Schuljahr 2008\/2009, Einzug in das neue Geb\u00e4ude<\/p>\n<\/div><\/div><\/div><!-- Story Year Section --><div data-cls=\"sc-nv-light vertical\" class=\"timeline-year scrollable-section ctl-year ctl-year-container light-year\" data-section-title=\"2011\" id=\"year-2011\"><div class=\"ctl-year-label ctl-year-text\"><span>2011<\/span><\/div><\/div><!-- Timeline Content --><div  id=\"ctl-story-18924\" class=\"ctl-story ctl-story-dot-icon odd ctl-story-left\" data-aos=\"fade-up\"   data-story-index=\"13\" role=\"article\"><!-- Story Date --><div class=\"ctl-labels\"><div class=\"ctl-label-big story-date\">2011<\/div><\/div><!-- Story IconDot --><div class=\"ctl-icondot\"><\/div> <!-- Story Arrow --><div class=\"ctl-arrow\"><\/div><!-- Story Content --><div class=\"ctl-content\"><!-- Story Title --><div class=\"ctl-title story-18924\" aria-label=\"2\">Erstes G8 Abitur<\/div><!-- Story Description --><div class=\"ctl-description\"><p>Erster G8-Jahrgang absolviert das Abitur.<\/p>\n<\/div><\/div><\/div><!-- Story Year Section --><div data-cls=\"sc-nv-light vertical\" class=\"timeline-year scrollable-section ctl-year ctl-year-container light-year\" data-section-title=\"2015\" id=\"year-2015\"><div class=\"ctl-year-label ctl-year-text\"><span>2015<\/span><\/div><\/div><!-- Timeline Content --><div  id=\"ctl-story-18925\" class=\"ctl-story ctl-story-dot-icon even ctl-story-right\" data-aos=\"fade-up\"   data-story-index=\"14\" role=\"article\"><!-- Story Date --><div class=\"ctl-labels\"><div class=\"ctl-label-big story-date\">2015<\/div><\/div><!-- Story IconDot --><div class=\"ctl-icondot\"><\/div> <!-- Story Arrow --><div class=\"ctl-arrow\"><\/div><!-- Story Content --><div class=\"ctl-content\"><!-- Story Title --><div class=\"ctl-title story-18925\" aria-label=\"2\">Umweltschule GRG<\/div><!-- Story Description --><div class=\"ctl-description\"><p>Erstmalige Auszeichnung als Umweltschule.<\/p>\n<\/div><\/div><\/div><!-- Story Year Section --><div data-cls=\"sc-nv-light vertical\" class=\"timeline-year scrollable-section ctl-year ctl-year-container light-year\" data-section-title=\"2025\" id=\"year-2025\"><div class=\"ctl-year-label ctl-year-text\"><span>2025<\/span><\/div><\/div><!-- Timeline Content --><div  id=\"ctl-story-18926\" class=\"ctl-story ctl-story-dot-icon odd ctl-story-left\" data-aos=\"fade-up\"   data-story-index=\"15\" role=\"article\"><!-- Story Date --><div class=\"ctl-labels\"><div class=\"ctl-label-big story-date\">2025<\/div><\/div><!-- Story IconDot --><div class=\"ctl-icondot\"><\/div> <!-- Story Arrow --><div class=\"ctl-arrow\"><\/div><!-- Story Content --><div class=\"ctl-content\"><!-- Story Title --><div class=\"ctl-title story-18926\" aria-label=\"2\">Ackerdemie am GRG<\/div><!-- Story Description --><div class=\"ctl-description\"><p>Errichtung eines Schulackers, gleichzeitig \u201eDigitale Schule der Zukunft\u201c.<\/p>\n<\/div><\/div><\/div><!-- Story Year Section --><div data-cls=\"sc-nv-light vertical\" class=\"timeline-year scrollable-section ctl-year ctl-year-container light-year\" data-section-title=\"2026\" id=\"year-2026\"><div class=\"ctl-year-label ctl-year-text\"><span>2026<\/span><\/div><\/div><!-- Timeline Content --><div  id=\"ctl-story-18927\" class=\"ctl-story ctl-story-dot-icon even ctl-story-right\" data-aos=\"fade-up\"   data-story-index=\"16\" role=\"article\"><!-- Story Date --><div class=\"ctl-labels\"><div class=\"ctl-label-big story-date\">2026<\/div><\/div><!-- Story IconDot --><div class=\"ctl-icondot\"><\/div> <!-- Story Arrow --><div class=\"ctl-arrow\"><\/div><!-- Story Content --><div class=\"ctl-content\"><!-- Story Title --><div class=\"ctl-title story-18927\" aria-label=\"2\">Erstes G9 Abitur<\/div><!-- Story Description --><div class=\"ctl-description\"><p>Erster (neuer) G9-Jahrgang absolviert das Abitur.<\/p>\n<\/div><\/div><\/div>\t\t\t\t\t<\/div>\n\t\t\t\t\t<div class=\"ctl-end\"><\/div>\n\t\t\t\t\t\t\t\t\t<\/div>\n\t\t\t<\/div>\n\t\t\t","protected":false},"excerpt":{"rendered":"","protected":false},"author":20,"featured_media":0,"parent":0,"menu_order":0,"comment_status":"closed","ping_status":"closed","template":"","meta":{"footnotes":""},"class_list":["post-18840","page","type-page","status-publish","hentry"],"_links":{"self":[{"href":"https:\/\/home.graf-rasso-gymnasium.de\/home\/wp-json\/wp\/v2\/pages\/18840","targetHints":{"allow":["GET"]}}],"collection":[{"href":"https:\/\/home.graf-rasso-gymnasium.de\/home\/wp-json\/wp\/v2\/pages"}],"about":[{"href":"https:\/\/home.graf-rasso-gymnasium.de\/home\/wp-json\/wp\/v2\/types\/page"}],"author":[{"embeddable":true,"href":"https:\/\/home.graf-rasso-gymnasium.de\/home\/wp-json\/wp\/v2\/users\/20"}],"replies":[{"embeddable":true,"href":"https:\/\/home.graf-rasso-gymnasium.de\/home\/wp-json\/wp\/v2\/comments?post=18840"}],"version-history":[{"count":12,"href":"https:\/\/home.graf-rasso-gymnasium.de\/home\/wp-json\/wp\/v2\/pages\/18840\/revisions"}],"predecessor-version":[{"id":18933,"href":"https:\/\/home.graf-rasso-gymnasium.de\/home\/wp-json\/wp\/v2\/pages\/18840\/revisions\/18933"}],"wp:attachment":[{"href":"https:\/\/home.graf-rasso-gymnasium.de\/home\/wp-json\/wp\/v2\/media?parent=18840"}],"curies":[{"name":"wp","href":"https:\/\/api.w.org\/{rel}","templated":true}]}}