{"id":4448,"date":"2014-04-08T13:41:04","date_gmt":"2014-04-08T12:41:04","guid":{"rendered":"https:\/\/home.graf-rasso-gymnasium.de\/home\/?page_id=4448"},"modified":"2026-02-10T11:39:59","modified_gmt":"2026-02-10T10:39:59","slug":"latein","status":"publish","type":"page","link":"https:\/\/home.graf-rasso-gymnasium.de\/home\/faecher\/latein\/","title":{"rendered":"Latein"},"content":{"rendered":"\n<figure class=\"wp-block-image aligncenter size-full is-resized\"><a href=\"https:\/\/home.graf-rasso-gymnasium.de\/home\/files\/2026\/02\/2024-25\/Latein.png\" target=\"_blank\" rel=\"noreferrer noopener\"><img loading=\"lazy\" decoding=\"async\" width=\"1024\" height=\"1024\" src=\"https:\/\/home.graf-rasso-gymnasium.de\/home\/files\/2026\/02\/2024-25\/Latein.png\" alt=\"\" class=\"wp-image-18672\" style=\"width:400px\" srcset=\"https:\/\/home.graf-rasso-gymnasium.de\/home\/files\/2026\/02\/2024-25\/Latein.png 1024w, https:\/\/home.graf-rasso-gymnasium.de\/home\/files\/2026\/02\/2024-25\/Latein-300x300.png 300w, https:\/\/home.graf-rasso-gymnasium.de\/home\/files\/2026\/02\/2024-25\/Latein-768x768.png 768w\" sizes=\"auto, (max-width: 1024px) 100vw, 1024px\" \/><\/a><\/figure>\n\n\n\n<p>Latein konfrontiert mit der Lebensweise, den Erkenntnissen und Krisen der Antike. Das ist f\u00fcr die SuS verbl\u00fcffend. Sie stellen dazu viele Fragen.<\/p>\n\n\n\n<p>Latein als Sprache erfordert Leistungsbereitschaft und bietet Strukturen und Einsichten. Die SuS m\u00fcssen sich anstrengen und genie\u00dfen ihre Erfolge. Das motiviert sie und bringt ihnen einen Ertrag, der weit \u00fcber das Fach hinausreicht.<\/p>\n\n\n\n<p>Kein Mensch muss Latein lernen, aber Latein ist eine enorme Horizonterweiterung.<\/p>\n\n\n\n<p>Bei Exkursionen oder Theaterbesuchen werden die SuS mit den Hinterlassenschaften der r\u00f6mischen Antike konfrontiert. Das macht eine unmittelbare Begegnung mit der antiken Kultur m\u00f6glich, die schlie\u00dflich die Grundlage unserer europ\u00e4ischen Kunst- und Geistesgeschichte bildet.<\/p>\n","protected":false},"excerpt":{"rendered":"<p>Latein konfrontiert mit der Lebensweise, den Erkenntnissen und Krisen der Antike. Das ist f\u00fcr die SuS verbl\u00fcffend. Sie stellen dazu viele Fragen. Latein als Sprache erfordert Leistungsbereitschaft und bietet Strukturen und Einsichten. Die SuS m\u00fcssen sich anstrengen und genie\u00dfen ihre Erfolge. Das motiviert sie und bringt ihnen einen Ertrag, der weit \u00fcber das Fach hinausreicht. [&hellip;]<\/p>\n","protected":false},"author":18,"featured_media":0,"parent":1491,"menu_order":0,"comment_status":"closed","ping_status":"closed","template":"","meta":{"footnotes":""},"class_list":["post-4448","page","type-page","status-publish","hentry"],"_links":{"self":[{"href":"https:\/\/home.graf-rasso-gymnasium.de\/home\/wp-json\/wp\/v2\/pages\/4448","targetHints":{"allow":["GET"]}}],"collection":[{"href":"https:\/\/home.graf-rasso-gymnasium.de\/home\/wp-json\/wp\/v2\/pages"}],"about":[{"href":"https:\/\/home.graf-rasso-gymnasium.de\/home\/wp-json\/wp\/v2\/types\/page"}],"author":[{"embeddable":true,"href":"https:\/\/home.graf-rasso-gymnasium.de\/home\/wp-json\/wp\/v2\/users\/18"}],"replies":[{"embeddable":true,"href":"https:\/\/home.graf-rasso-gymnasium.de\/home\/wp-json\/wp\/v2\/comments?post=4448"}],"version-history":[{"count":38,"href":"https:\/\/home.graf-rasso-gymnasium.de\/home\/wp-json\/wp\/v2\/pages\/4448\/revisions"}],"predecessor-version":[{"id":18679,"href":"https:\/\/home.graf-rasso-gymnasium.de\/home\/wp-json\/wp\/v2\/pages\/4448\/revisions\/18679"}],"up":[{"embeddable":true,"href":"https:\/\/home.graf-rasso-gymnasium.de\/home\/wp-json\/wp\/v2\/pages\/1491"}],"wp:attachment":[{"href":"https:\/\/home.graf-rasso-gymnasium.de\/home\/wp-json\/wp\/v2\/media?parent=4448"}],"curies":[{"name":"wp","href":"https:\/\/api.w.org\/{rel}","templated":true}]}}