{"id":6293,"date":"2015-02-26T09:21:29","date_gmt":"2015-02-26T08:21:29","guid":{"rendered":"https:\/\/home.graf-rasso-gymnasium.de\/home\/?page_id=6293"},"modified":"2026-01-28T11:36:14","modified_gmt":"2026-01-28T10:36:14","slug":"offene-ganztagsschule","status":"publish","type":"page","link":"https:\/\/home.graf-rasso-gymnasium.de\/home\/unsere-schule\/offene-ganztagsschule\/","title":{"rendered":"Offene Ganztagsschule"},"content":{"rendered":"\n<p>Zum Einstieg ein kurzer Film \u00fcber die oGtS an unserer Schule. S\u00e4mtliche Mitwirkenden sind mit der Ver\u00f6ffentlichung einverstanden. Wundern Sie sich nicht \u00fcber die Masken, der Film stammt aus der Corona Zeit. Au\u00dfer den Masken haben sich nur die Kinder ver\u00e4ndert, das Konzept ist gleich.<br \/><\/p>\n\n\n\n<figure class=\"wp-block-video\"><video height=\"720\" style=\"aspect-ratio: 1280 \/ 720;\" width=\"1280\" controls src=\"https:\/\/home.graf-rasso-gymnasium.de\/home\/files\/2021-22\/Imagefilm_oGts.mp4\"><\/video><\/figure>\n\n\n\n<div style=\"height:23px\" aria-hidden=\"true\" class=\"wp-block-spacer\"><\/div>\n\n\n\n<p><strong>Kooperationspartner<\/strong><\/p>\n\n\n\n<p>Seit \u00fcber zehn Jahren arbeitet das Graf-Rasso-Gymnasium bei der Nachmittagsbetreuung mit der gfi als Kooperationspartner zusammen. Die gfi (Gesellschaft zur F\u00f6rderung beruflicher und sozialer Integration) ist eine gemeinn\u00fctzige GmbH und hat sich im Bereich der Offenen Ganztagsschule an vielen Schulen im Gro\u00dfraum M\u00fcnchen seit langem bew\u00e4hrt.<\/p>\n\n\n\n<p><strong>Qualifizierte Betreuung<\/strong><\/p>\n\n\n\n<p>Das Betreuerteam besteht derzeit aus f\u00fcnf ausgebildeten Mitarbeiterinnen und Mitarbeitern der gfi. Zus\u00e4tzliche Unterst\u00fctzung bei der Hausaufgabenbetreuung und der Freizeit bieten 5 Tutorinnen und Tutoren pro Tag aus den 9., 10. und 11. Klassen.<\/p>\n\n\n\n<p><strong>Zielsetzung<\/strong><\/p>\n\n\n\n<p>In der offenen Ganztagsschule sollen die Kinder sich wohlf\u00fchlen und eine Erg\u00e4nzung zu der Familie erleben. Unser Ziel ist: eine weitgehend selbstst\u00e4ndige Erledigung ihrer Hausaufgaben. Dabei unterst\u00fctzen wir sie, die Hausaufgaben mit der notwendigen Organisation und dem n\u00f6tigen Arbeitsverhalten zu erledigen. Sollten schulischen Schwierigkeiten auftreten, k\u00f6nnen sie auf qualifizierte Unterst\u00fctzung durch die Tutoren und Tutorinnen oder den Betreuern oder Betreuerinnen z\u00e4hlen. Neben einer sinnvollen Freizeitgestaltung f\u00f6rdern wir das soziale Miteinander und den freundschaftlichen Umgang in der Gruppe.<\/p>\n\n\n\n<p><strong>Betreuungszeiten<\/strong><\/p>\n\n\n\n<p>An vier Tagen pro Woche \u2013 von Montag bis Donnerstag \u2013 ist das Team der gfi jeweils von 13.00 Uhr bis 16.00 Uhr im Haus. Zu dem gemeinsamen Mittagessen werden die Sch\u00fclerinnen und Sch\u00fcler von 2 Betreuerinnen und Betreuern in die Mensa begleitet. Das Mittagessen findet zwischen 13.00 Uhr und 13.30 Uhr statt. In der Mensa kann eines von zwei frisch gekochten Mittagessen (eines vegetarisch) oder ein mitgebrachtes Essen gegessen werden. Ebenso gibt es die M\u00f6glichkeit, in der Mensa Salate, belegte Semmeln usw. zu kaufen. Danach haben die Sch\u00fclerinnen und Sch\u00fcler die M\u00f6glichkeit sich zu entspannen oder beim Spielen auszutoben.<\/p>\n\n\n\n<p>Von 14.00 Uhr bis 15.00 Uhr werden die Hausaufgaben zu erledigt. Wenn die schriftlichen Aufgaben geschafft sind, k\u00f6nnen die Kinder sich auf den Unterricht des n\u00e4chsten Tages vorbereiten oder evtl. Defizite ausgleichen. Im Anschluss werden den Kindern vielf\u00e4ltige Spiel-, Bastel- und Sportm\u00f6glichkeiten angeboten.<\/p>\n\n\n\n<p><strong>Teilnahmevoraussetzungen<\/strong><\/p>\n\n\n\n<p>Die Teilnahme am Angebot der Offenen Ganztagsschule steht prinzipiell allen Sch\u00fclerinnen und Sch\u00fclern des Graf-Rasso-Gymnasiums offen und ist f\u00fcr die Eltern kostenlos. Die Sch\u00fclerinnen und Sch\u00fcler m\u00fcssen sich f\u00fcr&nbsp;<strong>mindestens zwei Nachmittage pro Woche verbindlich<\/strong>&nbsp;anmelden.<\/p>\n\n\n\n<p><strong>Umfang<\/strong><\/p>\n\n\n\n<p>In diesem Schuljahr nehmen rund 80 Sch\u00fclerinnen und Sch\u00fcler der Unterstufe das Angebot der Offenen Ganztagsschule wahr. Aus diesen Kindern wurden 5 klassenreine Hausaufgabengruppen gebildet. Diese werden von jeweils einem Erwachsenen und einem Tutor\/einer Tutorin betreut. Die Betreuenden bleiben t\u00e4glich gleich.<\/p>\n\n\n\n<p>Die Einteilung in den Gruppen gibt es nur zur Hausaufgabenzeit.<\/p>\n\n\n\n<p><strong>Team<\/strong><\/p>\n\n\n\n<p>Die p\u00e4dagogische Leitung der offenen Ganztagsschule am Graf-Rasso-Gymnasium ist Kathrin Durach. Ihr Stellvertreter ist Lysander Loosen. Betreuende sind Monika Bals,&nbsp; Andrea Lux, Valeria Rekretyuk und Fritz Stache.<\/p>\n\n\n\n<p>Telefonisch sind wir erreichbar unter<\/p>\n\n\n\n<p>08141\/6111-631<\/p>\n\n\n\n<p>Per mail:&nbsp;<a href=\"mailto:ogts@graf-rasso-gymnasium.de\"><u>ogts@graf-rasso-gymnasium.de<\/u><\/a><\/p>\n\n\n\n<div data-wp-interactive=\"core\/file\" class=\"wp-block-file\"><object data-wp-bind--hidden=\"!state.hasPdfPreview\" hidden class=\"wp-block-file__embed\" data=\"https:\/\/home.graf-rasso-gymnasium.de\/home\/files\/2015\/02\/2024-25\/Flyer-26-27-1.pdf\" type=\"application\/pdf\" style=\"width:100%;height:700px\" aria-label=\"Einbettung von Flyer 26-27 (1).\"><\/object><a id=\"wp-block-file--media-93d36b70-a795-4578-b095-21acaf87eafe\" href=\"https:\/\/home.graf-rasso-gymnasium.de\/home\/files\/2015\/02\/2024-25\/Flyer-26-27-1.pdf\">Flyer 26-27 (1)<\/a><\/div>\n\n\n\n<div class=\"wp-block-file\"><a id=\"wp-block-file--media-8ce1aab8-085d-4327-bf61-6b7e06eba65c\" href=\"https:\/\/home.graf-rasso-gymnasium.de\/home\/files\/2025\/02\/2024-25\/FAQ-Offene-Ganztagsschule-am-GRG-24-25-neu-am-6.2.25.pdf\" target=\"_blank\" rel=\"noreferrer noopener\">FAQ Offene Ganztagsschule am GRG<\/a><a href=\"https:\/\/home.graf-rasso-gymnasium.de\/home\/files\/2025\/02\/2024-25\/FAQ-Offene-Ganztagsschule-am-GRG-24-25-neu-am-6.2.25.pdf\" class=\"wp-block-file__button wp-element-button\" download aria-describedby=\"wp-block-file--media-8ce1aab8-085d-4327-bf61-6b7e06eba65c\">Herunterladen<\/a><\/div>\n","protected":false},"excerpt":{"rendered":"<p>Zum Einstieg ein kurzer Film \u00fcber die oGtS an unserer Schule. S\u00e4mtliche Mitwirkenden sind mit der Ver\u00f6ffentlichung einverstanden. Wundern Sie sich nicht \u00fcber die Masken, der Film stammt aus der Corona Zeit. Au\u00dfer den Masken haben sich nur die Kinder ver\u00e4ndert, das Konzept ist gleich. Kooperationspartner Seit \u00fcber zehn Jahren arbeitet das Graf-Rasso-Gymnasium bei der [&hellip;]<\/p>\n","protected":false},"author":18,"featured_media":0,"parent":1653,"menu_order":5,"comment_status":"closed","ping_status":"closed","template":"","meta":{"footnotes":""},"class_list":["post-6293","page","type-page","status-publish","hentry"],"_links":{"self":[{"href":"https:\/\/home.graf-rasso-gymnasium.de\/home\/wp-json\/wp\/v2\/pages\/6293","targetHints":{"allow":["GET"]}}],"collection":[{"href":"https:\/\/home.graf-rasso-gymnasium.de\/home\/wp-json\/wp\/v2\/pages"}],"about":[{"href":"https:\/\/home.graf-rasso-gymnasium.de\/home\/wp-json\/wp\/v2\/types\/page"}],"author":[{"embeddable":true,"href":"https:\/\/home.graf-rasso-gymnasium.de\/home\/wp-json\/wp\/v2\/users\/18"}],"replies":[{"embeddable":true,"href":"https:\/\/home.graf-rasso-gymnasium.de\/home\/wp-json\/wp\/v2\/comments?post=6293"}],"version-history":[{"count":46,"href":"https:\/\/home.graf-rasso-gymnasium.de\/home\/wp-json\/wp\/v2\/pages\/6293\/revisions"}],"predecessor-version":[{"id":18624,"href":"https:\/\/home.graf-rasso-gymnasium.de\/home\/wp-json\/wp\/v2\/pages\/6293\/revisions\/18624"}],"up":[{"embeddable":true,"href":"https:\/\/home.graf-rasso-gymnasium.de\/home\/wp-json\/wp\/v2\/pages\/1653"}],"wp:attachment":[{"href":"https:\/\/home.graf-rasso-gymnasium.de\/home\/wp-json\/wp\/v2\/media?parent=6293"}],"curies":[{"name":"wp","href":"https:\/\/api.w.org\/{rel}","templated":true}]}}

<p>Zum Einstieg ein kurzer Film über die oGtS an unserer Schule. Sämtliche Mitwirkenden sind mit der Veröffentlichung einverstanden. Wundern Sie sich nicht über die Masken, der Film stammt aus der Corona Zeit. Außer den Masken haben sich nur die Kinder verändert, das Konzept ist gleich.<br /></p>



<figure class="wp-block-video"><video height="720" style="aspect-ratio: 1280 / 720;" width="1280" controls src="https://home.graf-rasso-gymnasium.de/home/files/2021-22/Imagefilm_oGts.mp4"></video></figure>



<div style="height:23px" aria-hidden="true" class="wp-block-spacer"></div>



<p><strong>Kooperationspartner</strong></p>



<p>Seit über zehn Jahren arbeitet das Graf-Rasso-Gymnasium bei der Nachmittagsbetreuung mit der gfi als Kooperationspartner zusammen. Die gfi (Gesellschaft zur Förderung beruflicher und sozialer Integration) ist eine gemeinnützige GmbH und hat sich im Bereich der Offenen Ganztagsschule an vielen Schulen im Großraum München seit langem bewährt.</p>



<p><strong>Qualifizierte Betreuung</strong></p>



<p>Das Betreuerteam besteht derzeit aus fünf ausgebildeten Mitarbeiterinnen und Mitarbeitern der gfi. Zusätzliche Unterstützung bei der Hausaufgabenbetreuung und der Freizeit bieten 5 Tutorinnen und Tutoren pro Tag aus den 9., 10. und 11. Klassen.</p>



<p><strong>Zielsetzung</strong></p>



<p>In der offenen Ganztagsschule sollen die Kinder sich wohlfühlen und eine Ergänzung zu der Familie erleben. Unser Ziel ist: eine weitgehend selbstständige Erledigung ihrer Hausaufgaben. Dabei unterstützen wir sie, die Hausaufgaben mit der notwendigen Organisation und dem nötigen Arbeitsverhalten zu erledigen. Sollten schulischen Schwierigkeiten auftreten, können sie auf qualifizierte Unterstützung durch die Tutoren und Tutorinnen oder den Betreuern oder Betreuerinnen zählen. Neben einer sinnvollen Freizeitgestaltung fördern wir das soziale Miteinander und den freundschaftlichen Umgang in der Gruppe.</p>



<p><strong>Betreuungszeiten</strong></p>



<p>An vier Tagen pro Woche – von Montag bis Donnerstag – ist das Team der gfi jeweils von 13.00 Uhr bis 16.00 Uhr im Haus. Zu dem gemeinsamen Mittagessen werden die Schülerinnen und Schüler von 2 Betreuerinnen und Betreuern in die Mensa begleitet. Das Mittagessen findet zwischen 13.00 Uhr und 13.30 Uhr statt. In der Mensa kann eines von zwei frisch gekochten Mittagessen (eines vegetarisch) oder ein mitgebrachtes Essen gegessen werden. Ebenso gibt es die Möglichkeit, in der Mensa Salate, belegte Semmeln usw. zu kaufen. Danach haben die Schülerinnen und Schüler die Möglichkeit sich zu entspannen oder beim Spielen auszutoben.</p>



<p>Von 14.00 Uhr bis 15.00 Uhr werden die Hausaufgaben zu erledigt. Wenn die schriftlichen Aufgaben geschafft sind, können die Kinder sich auf den Unterricht des nächsten Tages vorbereiten oder evtl. Defizite ausgleichen. Im Anschluss werden den Kindern vielfältige Spiel-, Bastel- und Sportmöglichkeiten angeboten.</p>



<p><strong>Teilnahmevoraussetzungen</strong></p>



<p>Die Teilnahme am Angebot der Offenen Ganztagsschule steht prinzipiell allen Schülerinnen und Schülern des Graf-Rasso-Gymnasiums offen und ist für die Eltern kostenlos. Die Schülerinnen und Schüler müssen sich für&nbsp;<strong>mindestens zwei Nachmittage pro Woche verbindlich</strong>&nbsp;anmelden.</p>



<p><strong>Umfang</strong></p>



<p>In diesem Schuljahr nehmen rund 80 Schülerinnen und Schüler der Unterstufe das Angebot der Offenen Ganztagsschule wahr. Aus diesen Kindern wurden 5 klassenreine Hausaufgabengruppen gebildet. Diese werden von jeweils einem Erwachsenen und einem Tutor/einer Tutorin betreut. Die Betreuenden bleiben täglich gleich.</p>



<p>Die Einteilung in den Gruppen gibt es nur zur Hausaufgabenzeit.</p>



<p><strong>Team</strong></p>



<p>Die pädagogische Leitung der offenen Ganztagsschule am Graf-Rasso-Gymnasium ist Kathrin Durach. Ihr Stellvertreter ist Lysander Loosen. Betreuende sind Monika Bals,&nbsp; Andrea Lux, Valeria Rekretyuk und Fritz Stache.</p>



<p>Telefonisch sind wir erreichbar unter</p>



<p>08141/6111-631</p>



<p>Per mail:&nbsp;<a href="mailto:ogts@graf-rasso-gymnasium.de"><u>ogts@graf-rasso-gymnasium.de</u></a></p>



<div data-wp-interactive="core/file" class="wp-block-file"><object data-wp-bind--hidden="!state.hasPdfPreview" hidden class="wp-block-file__embed" data="https://home.graf-rasso-gymnasium.de/home/files/2015/02/2024-25/Flyer-26-27-1.pdf" type="application/pdf" style="width:100%;height:700px" aria-label="Einbettung von Flyer 26-27 (1)."></object><a id="wp-block-file--media-93d36b70-a795-4578-b095-21acaf87eafe" href="https://home.graf-rasso-gymnasium.de/home/files/2015/02/2024-25/Flyer-26-27-1.pdf">Flyer 26-27 (1)</a></div>



<div class="wp-block-file"><a id="wp-block-file--media-8ce1aab8-085d-4327-bf61-6b7e06eba65c" href="https://home.graf-rasso-gymnasium.de/home/files/2025/02/2024-25/FAQ-Offene-Ganztagsschule-am-GRG-24-25-neu-am-6.2.25.pdf" target="_blank" rel="noreferrer noopener">FAQ Offene Ganztagsschule am GRG</a><a href="https://home.graf-rasso-gymnasium.de/home/files/2025/02/2024-25/FAQ-Offene-Ganztagsschule-am-GRG-24-25-neu-am-6.2.25.pdf" class="wp-block-file__button wp-element-button" download aria-describedby="wp-block-file--media-8ce1aab8-085d-4327-bf61-6b7e06eba65c">Herunterladen</a></div>

<p>Zum Einstieg ein kurzer Film über die oGtS an unserer Schule. Sämtliche Mitwirkenden sind mit der Veröffentlichung einverstanden. Wundern Sie sich nicht über die Masken, der Film stammt aus der Corona Zeit. Außer den Masken haben sich nur die Kinder verändert, das Konzept ist gleich. Kooperationspartner Seit über zehn Jahren arbeitet das Graf-Rasso-Gymnasium bei der [&hellip;]</p>
