{"id":7800,"date":"2016-09-22T19:29:52","date_gmt":"2016-09-22T17:29:52","guid":{"rendered":"https:\/\/home.graf-rasso-gymnasium.de\/home\/?page_id=7800"},"modified":"2022-02-28T12:19:49","modified_gmt":"2022-02-28T11:19:49","slug":"projektportfolio","status":"publish","type":"page","link":"https:\/\/home.graf-rasso-gymnasium.de\/home\/unsere-schule\/projektportfolio\/","title":{"rendered":"Projektportfolio"},"content":{"rendered":"<ul>\n<li>P-Seminar Musik: <a href=\"https:\/\/home.graf-rasso-gymnasium.de\/home\/2015\/11\/p-seminar-musik-ein-audio-guide-fuer-das-staatliche-museum-aegyptischer-kunst-in-muenchen\/\">Ein Audio-Guide f\u00fcr das Staatliche Museum \u00c4gyptischer Kunst in M\u00fcnchen<\/a><\/li>\n<li>Lehrfilme f\u00fcr den Chemieunterricht: <a href=\"https:\/\/home.graf-rasso-gymnasium.de\/home\/2014\/05\/anschauliche-chemie-saeruen-und-basen-ein-lehrfilm\/\">S\u00e4uren und Basen<\/a><\/li>\n<li>Physikalische Wettbewerbe: <a href=\"https:\/\/home.graf-rasso-gymnasium.de\/home\/2010\/08\/p-seminar-physikalische-wettbewerbe-kettenreaktion\/\">Kettenreaktion<\/a><\/li>\n<\/ul>\n<ul>\n<li><a href=\"https:\/\/home.graf-rasso-gymnasium.de\/home\/schlagwort\/seminare\/\">Weitere Beitr\u00e4ge zum Thema &#8222;Seminare&#8220;<\/a><\/li>\n<\/ul>\n","protected":false},"excerpt":{"rendered":"<p>P-Seminar Musik: Ein Audio-Guide f\u00fcr das Staatliche Museum \u00c4gyptischer Kunst in M\u00fcnchen Lehrfilme f\u00fcr den Chemieunterricht: S\u00e4uren und Basen Physikalische Wettbewerbe: Kettenreaktion Weitere Beitr\u00e4ge zum Thema &#8222;Seminare&#8220;<\/p>\n","protected":false},"author":2,"featured_media":7811,"parent":1653,"menu_order":0,"comment_status":"closed","ping_status":"closed","template":"page-templates\/template-full-width.php","meta":{"footnotes":""},"class_list":["post-7800","page","type-page","status-publish","has-post-thumbnail","hentry"],"_links":{"self":[{"href":"https:\/\/home.graf-rasso-gymnasium.de\/home\/wp-json\/wp\/v2\/pages\/7800","targetHints":{"allow":["GET"]}}],"collection":[{"href":"https:\/\/home.graf-rasso-gymnasium.de\/home\/wp-json\/wp\/v2\/pages"}],"about":[{"href":"https:\/\/home.graf-rasso-gymnasium.de\/home\/wp-json\/wp\/v2\/types\/page"}],"author":[{"embeddable":true,"href":"https:\/\/home.graf-rasso-gymnasium.de\/home\/wp-json\/wp\/v2\/users\/2"}],"replies":[{"embeddable":true,"href":"https:\/\/home.graf-rasso-gymnasium.de\/home\/wp-json\/wp\/v2\/comments?post=7800"}],"version-history":[{"count":32,"href":"https:\/\/home.graf-rasso-gymnasium.de\/home\/wp-json\/wp\/v2\/pages\/7800\/revisions"}],"predecessor-version":[{"id":13616,"href":"https:\/\/home.graf-rasso-gymnasium.de\/home\/wp-json\/wp\/v2\/pages\/7800\/revisions\/13616"}],"up":[{"embeddable":true,"href":"https:\/\/home.graf-rasso-gymnasium.de\/home\/wp-json\/wp\/v2\/pages\/1653"}],"wp:featuredmedia":[{"embeddable":true,"href":"https:\/\/home.graf-rasso-gymnasium.de\/home\/wp-json\/wp\/v2\/media\/7811"}],"wp:attachment":[{"href":"https:\/\/home.graf-rasso-gymnasium.de\/home\/wp-json\/wp\/v2\/media?parent=7800"}],"curies":[{"name":"wp","href":"https:\/\/api.w.org\/{rel}","templated":true}]}}