{"id":8053,"date":"2016-11-25T17:55:36","date_gmt":"2016-11-25T16:55:36","guid":{"rendered":"https:\/\/home.graf-rasso-gymnasium.de\/home\/?page_id=8053"},"modified":"2026-02-23T16:33:10","modified_gmt":"2026-02-23T15:33:10","slug":"ethik","status":"publish","type":"page","link":"https:\/\/home.graf-rasso-gymnasium.de\/home\/faecher\/ethik\/","title":{"rendered":"Ethik"},"content":{"rendered":"\n<figure class=\"wp-block-image aligncenter size-full is-resized\"><a href=\"https:\/\/home.graf-rasso-gymnasium.de\/home\/files\/2026\/02\/2024-25\/Ethik.png\" target=\"_blank\" rel=\"noreferrer noopener\"><img loading=\"lazy\" decoding=\"async\" width=\"1024\" height=\"1024\" src=\"https:\/\/home.graf-rasso-gymnasium.de\/home\/files\/2026\/02\/2024-25\/Ethik.png\" alt=\"\" class=\"wp-image-18655\" style=\"width:400px\" srcset=\"https:\/\/home.graf-rasso-gymnasium.de\/home\/files\/2026\/02\/2024-25\/Ethik.png 1024w, https:\/\/home.graf-rasso-gymnasium.de\/home\/files\/2026\/02\/2024-25\/Ethik-300x300.png 300w, https:\/\/home.graf-rasso-gymnasium.de\/home\/files\/2026\/02\/2024-25\/Ethik-768x768.png 768w\" sizes=\"auto, (max-width: 1024px) 100vw, 1024px\" \/><\/a><\/figure>\n\n\n\n<p>Was d\u00fcrfen KI-generierende Maschinen entscheiden? Welche Grenzfragen werfen medizinischer und gentechnischer Fortschritt auf? Wie verhalte ich mich angesichts des globalen Klimawandels ethisch richtig? Wie sollte soziale Gerechtigkeit gestaltet und erreicht werden?<\/p>\n\n\n\n<p>Schon diese wenigen, aber f\u00fcr unsere Gegenwart und Zukunft \u00e4u\u00dferst brennenden Fragen zeigen, wie wichtig, ja unentbehrlich eine intensive Auseinandersetzung mit grundlegenden ethischen Fragen ist. Ethik ist im Kern die Frage danach, wie wir handeln sollen \u2013 und warum. Sie untersucht, was \u201egut\u201c, \u201erichtig\u201c oder \u201everantwortlich\u201c bedeutet, und versucht, Ma\u00dfst\u00e4be f\u00fcr menschliches Verhalten zu entwickeln. Sie fragt, welche Werte unser Handeln leiten sollten \u2013 Gerechtigkeit, Freiheit, Verantwortung, Respekt. Sie will nicht nur sagen, <em>was<\/em> richtig ist, sondern <em>warum<\/em>. Sie besch\u00e4ftigt sich mit Situationen, in denen Werte kollidieren \u2013 etwa Freiheit vs. Sicherheit. Und sie spielt eine wichtige Rolle f\u00fcr das menschliche Handeln in Medizin, Politik, Technik, Wirtschaft, Umweltfragen \u2013 aber auch im ganz normalen Alltag.<\/p>\n\n\n\n<p>Ethik als werteorientierter Kompass f\u00fcr das eigene Leben sowie f\u00fcr ein faires und respektvolles Zusammenleben mit den Mitmenschen und der Umwelt \u2013 das ist das zentrale Ziel dieses Unterrichtsfaches am Graf-Rasso-Gymnasium.<\/p>\n","protected":false},"excerpt":{"rendered":"<p>Was d\u00fcrfen KI-generierende Maschinen entscheiden? Welche Grenzfragen werfen medizinischer und gentechnischer Fortschritt auf? Wie verhalte ich mich angesichts des globalen Klimawandels ethisch richtig? Wie sollte soziale Gerechtigkeit gestaltet und erreicht werden? Schon diese wenigen, aber f\u00fcr unsere Gegenwart und Zukunft \u00e4u\u00dferst brennenden Fragen zeigen, wie wichtig, ja unentbehrlich eine intensive Auseinandersetzung mit grundlegenden ethischen Fragen [&hellip;]<\/p>\n","protected":false},"author":18,"featured_media":0,"parent":1491,"menu_order":0,"comment_status":"closed","ping_status":"closed","template":"","meta":{"footnotes":""},"class_list":["post-8053","page","type-page","status-publish","hentry"],"_links":{"self":[{"href":"https:\/\/home.graf-rasso-gymnasium.de\/home\/wp-json\/wp\/v2\/pages\/8053","targetHints":{"allow":["GET"]}}],"collection":[{"href":"https:\/\/home.graf-rasso-gymnasium.de\/home\/wp-json\/wp\/v2\/pages"}],"about":[{"href":"https:\/\/home.graf-rasso-gymnasium.de\/home\/wp-json\/wp\/v2\/types\/page"}],"author":[{"embeddable":true,"href":"https:\/\/home.graf-rasso-gymnasium.de\/home\/wp-json\/wp\/v2\/users\/18"}],"replies":[{"embeddable":true,"href":"https:\/\/home.graf-rasso-gymnasium.de\/home\/wp-json\/wp\/v2\/comments?post=8053"}],"version-history":[{"count":4,"href":"https:\/\/home.graf-rasso-gymnasium.de\/home\/wp-json\/wp\/v2\/pages\/8053\/revisions"}],"predecessor-version":[{"id":18695,"href":"https:\/\/home.graf-rasso-gymnasium.de\/home\/wp-json\/wp\/v2\/pages\/8053\/revisions\/18695"}],"up":[{"embeddable":true,"href":"https:\/\/home.graf-rasso-gymnasium.de\/home\/wp-json\/wp\/v2\/pages\/1491"}],"wp:attachment":[{"href":"https:\/\/home.graf-rasso-gymnasium.de\/home\/wp-json\/wp\/v2\/media?parent=8053"}],"curies":[{"name":"wp","href":"https:\/\/api.w.org\/{rel}","templated":true}]}}

<figure class="wp-block-image aligncenter size-full is-resized"><a href="https://home.graf-rasso-gymnasium.de/home/files/2026/02/2024-25/Ethik.png" target="_blank" rel="noreferrer noopener"><img loading="lazy" decoding="async" width="1024" height="1024" src="https://home.graf-rasso-gymnasium.de/home/files/2026/02/2024-25/Ethik.png" alt="" class="wp-image-18655" style="width:400px" srcset="https://home.graf-rasso-gymnasium.de/home/files/2026/02/2024-25/Ethik.png 1024w, https://home.graf-rasso-gymnasium.de/home/files/2026/02/2024-25/Ethik-300x300.png 300w, https://home.graf-rasso-gymnasium.de/home/files/2026/02/2024-25/Ethik-768x768.png 768w" sizes="auto, (max-width: 1024px) 100vw, 1024px" /></a></figure>



<p>Was dürfen KI-generierende Maschinen entscheiden? Welche Grenzfragen werfen medizinischer und gentechnischer Fortschritt auf? Wie verhalte ich mich angesichts des globalen Klimawandels ethisch richtig? Wie sollte soziale Gerechtigkeit gestaltet und erreicht werden?</p>



<p>Schon diese wenigen, aber für unsere Gegenwart und Zukunft äußerst brennenden Fragen zeigen, wie wichtig, ja unentbehrlich eine intensive Auseinandersetzung mit grundlegenden ethischen Fragen ist. Ethik ist im Kern die Frage danach, wie wir handeln sollen – und warum. Sie untersucht, was „gut“, „richtig“ oder „verantwortlich“ bedeutet, und versucht, Maßstäbe für menschliches Verhalten zu entwickeln. Sie fragt, welche Werte unser Handeln leiten sollten – Gerechtigkeit, Freiheit, Verantwortung, Respekt. Sie will nicht nur sagen, <em>was</em> richtig ist, sondern <em>warum</em>. Sie beschäftigt sich mit Situationen, in denen Werte kollidieren – etwa Freiheit vs. Sicherheit. Und sie spielt eine wichtige Rolle für das menschliche Handeln in Medizin, Politik, Technik, Wirtschaft, Umweltfragen – aber auch im ganz normalen Alltag.</p>



<p>Ethik als werteorientierter Kompass für das eigene Leben sowie für ein faires und respektvolles Zusammenleben mit den Mitmenschen und der Umwelt – das ist das zentrale Ziel dieses Unterrichtsfaches am Graf-Rasso-Gymnasium.</p>

<p>Was dürfen KI-generierende Maschinen entscheiden? Welche Grenzfragen werfen medizinischer und gentechnischer Fortschritt auf? Wie verhalte ich mich angesichts des globalen Klimawandels ethisch richtig? Wie sollte soziale Gerechtigkeit gestaltet und erreicht werden? Schon diese wenigen, aber für unsere Gegenwart und Zukunft äußerst brennenden Fragen zeigen, wie wichtig, ja unentbehrlich eine intensive Auseinandersetzung mit grundlegenden ethischen Fragen [&hellip;]</p>
