{"id":9498,"date":"2018-03-01T17:02:08","date_gmt":"2018-03-01T16:02:08","guid":{"rendered":"https:\/\/home.graf-rasso-gymnasium.de\/home\/?page_id=9498"},"modified":"2018-03-01T17:05:45","modified_gmt":"2018-03-01T16:05:45","slug":"latein-lektuere-oberstufe","status":"publish","type":"page","link":"https:\/\/home.graf-rasso-gymnasium.de\/home\/faecher\/latein\/latein-lektuere-oberstufe\/","title":{"rendered":"Latein: Lekt\u00fcre Oberstufe"},"content":{"rendered":"<p>In jedem Halbjahr der lateinischen Oberstufe wird ein bestimmter Bereich der antiken Geschichte und Kultur behandelt.<\/p>\n<p>Im ersten Halbjahr der 11. Jahrgangsstufe lernen die Sch\u00fcler an ausgew\u00e4hlten Texten von Seneca und Cicero die wichtigsten antiken philosophischen Richtungen kennen.<\/p>\n<p>Im zweiten Halbjahr besch\u00e4ftigen sie sich mit r\u00f6mische Satire und lesen vor allem Petron und Horaz.<\/p>\n<p>In Jahrgangsstufe 12 wenden sie sich im ersten Halbjahr der augusteischen Zeit zu. Der r\u00f6mische Staat erf\u00e4hrt in dieser Zeit auf fast allen Gebieten (Politik, Literatur, Architektur, Kunst, Geschichtsschreibung, Religion) eine pr\u00e4gende Ver\u00e4nderung. Auf dem Programm stehen in diesem Halbjahr wichtige Texte von Livius und Vergil.<\/p>\n<p>Den Abschluss bildet die Besch\u00e4ftigung mit der antiken Staatstheorie und dem dazugeh\u00f6rigen Werk Ciceros \u201eDe re publica\u201c.<\/p>\n<p><img loading=\"lazy\" decoding=\"async\" src=\"https:\/\/home.graf-rasso-gymnasium.de\/home\/files\/2017-18\/latein_lektuere_oberstufe-e1519920331224.jpg\" alt=\"\" width=\"480\" height=\"640\" class=\"alignnone size-full wp-image-9503\" srcset=\"https:\/\/home.graf-rasso-gymnasium.de\/home\/files\/2017-18\/latein_lektuere_oberstufe-e1519920331224.jpg 480w, https:\/\/home.graf-rasso-gymnasium.de\/home\/files\/2017-18\/latein_lektuere_oberstufe-e1519920331224-225x300.jpg 225w\" sizes=\"auto, (max-width: 480px) 100vw, 480px\" \/><\/p>\n","protected":false},"excerpt":{"rendered":"<p>In jedem Halbjahr der lateinischen Oberstufe wird ein bestimmter Bereich der antiken Geschichte und Kultur behandelt. Im ersten Halbjahr der 11. Jahrgangsstufe lernen die Sch\u00fcler an ausgew\u00e4hlten Texten von Seneca und Cicero die wichtigsten antiken philosophischen Richtungen kennen. Im zweiten Halbjahr besch\u00e4ftigen sie sich mit r\u00f6mische Satire und lesen vor allem Petron und Horaz. In [&hellip;]<\/p>\n","protected":false},"author":2,"featured_media":9503,"parent":4448,"menu_order":0,"comment_status":"closed","ping_status":"closed","template":"","meta":{"footnotes":""},"class_list":["post-9498","page","type-page","status-publish","has-post-thumbnail","hentry"],"_links":{"self":[{"href":"https:\/\/home.graf-rasso-gymnasium.de\/home\/wp-json\/wp\/v2\/pages\/9498","targetHints":{"allow":["GET"]}}],"collection":[{"href":"https:\/\/home.graf-rasso-gymnasium.de\/home\/wp-json\/wp\/v2\/pages"}],"about":[{"href":"https:\/\/home.graf-rasso-gymnasium.de\/home\/wp-json\/wp\/v2\/types\/page"}],"author":[{"embeddable":true,"href":"https:\/\/home.graf-rasso-gymnasium.de\/home\/wp-json\/wp\/v2\/users\/2"}],"replies":[{"embeddable":true,"href":"https:\/\/home.graf-rasso-gymnasium.de\/home\/wp-json\/wp\/v2\/comments?post=9498"}],"version-history":[{"count":4,"href":"https:\/\/home.graf-rasso-gymnasium.de\/home\/wp-json\/wp\/v2\/pages\/9498\/revisions"}],"predecessor-version":[{"id":9505,"href":"https:\/\/home.graf-rasso-gymnasium.de\/home\/wp-json\/wp\/v2\/pages\/9498\/revisions\/9505"}],"up":[{"embeddable":true,"href":"https:\/\/home.graf-rasso-gymnasium.de\/home\/wp-json\/wp\/v2\/pages\/4448"}],"wp:featuredmedia":[{"embeddable":true,"href":"https:\/\/home.graf-rasso-gymnasium.de\/home\/wp-json\/wp\/v2\/media\/9503"}],"wp:attachment":[{"href":"https:\/\/home.graf-rasso-gymnasium.de\/home\/wp-json\/wp\/v2\/media?parent=9498"}],"curies":[{"name":"wp","href":"https:\/\/api.w.org\/{rel}","templated":true}]}}