{"id":9694,"date":"2018-03-24T11:22:05","date_gmt":"2018-03-24T10:22:05","guid":{"rendered":"https:\/\/home.graf-rasso-gymnasium.de\/home\/?page_id=9694"},"modified":"2022-03-03T11:45:55","modified_gmt":"2022-03-03T10:45:55","slug":"digitale-bildung-am-grg","status":"publish","type":"page","link":"https:\/\/home.graf-rasso-gymnasium.de\/home\/unsere-schule\/digitale-bildung-am-grg\/","title":{"rendered":"Digitale Bildung am GRG"},"content":{"rendered":"<p><a href=\"https:\/\/home.graf-rasso-gymnasium.de\/home\/unsere-schule\/digitale-bildung-am-grg\/mebis\/\">Informationen zu Mebis<\/a><\/p>\n<p>Alle Schulen in Bayern arbeiten zur Zeit an einem Medienkonzept, mit einem Mediencurriculum als wichtigstem Bestandteil. Hier sind einige Links zu diesem Thema:<\/p>\n<ul>\n<li><a href=\"https:\/\/www.kmk.org\/themen\/bildung-in-der-digitalen-welt\/strategie-bildung-in-der-digitalen-welt.html\">Vorstellung der Strategie Bildung in der digitalen Welt (KMK)<\/a><\/li>\n<li><a href=\"https:\/\/www.kmk.org\/fileadmin\/Dateien\/pdf\/PresseUndAktuelles\/2017\/KMK_Kompetenzen_in_der_digitalen_Welt_-neu_26.07.2017.html\">\u00dcberblick \u00fcber digitale Kompetenzen (KMK)<\/a><\/li>\n<li><a href=\"https:\/\/www.kmk.org\/fileadmin\/Dateien\/pdf\/PresseUndAktuelles\/2018\/Digitalstrategie_2017_mit_Weiterbildung.pdf\">Strategiepapier ausf\u00fchrlich (pdf)<\/a><\/li>\n<li><a href=\"https:\/\/www.mebis.bayern.de\/medienkonzepte\/leitfaden\/aufbau\/mediencurriculum\/\">Mediencurriculum Bayern<\/a><\/li>\n<\/ul>\n","protected":false},"excerpt":{"rendered":"<p>Informationen zu Mebis Alle Schulen in Bayern arbeiten zur Zeit an einem Medienkonzept, mit einem Mediencurriculum als wichtigstem Bestandteil. Hier sind einige Links zu diesem Thema: Vorstellung der Strategie Bildung in der digitalen Welt (KMK) \u00dcberblick \u00fcber digitale Kompetenzen (KMK) Strategiepapier ausf\u00fchrlich (pdf) Mediencurriculum Bayern<\/p>\n","protected":false},"author":2,"featured_media":0,"parent":1653,"menu_order":0,"comment_status":"closed","ping_status":"closed","template":"","meta":{"footnotes":""},"class_list":["post-9694","page","type-page","status-publish","hentry"],"_links":{"self":[{"href":"https:\/\/home.graf-rasso-gymnasium.de\/home\/wp-json\/wp\/v2\/pages\/9694","targetHints":{"allow":["GET"]}}],"collection":[{"href":"https:\/\/home.graf-rasso-gymnasium.de\/home\/wp-json\/wp\/v2\/pages"}],"about":[{"href":"https:\/\/home.graf-rasso-gymnasium.de\/home\/wp-json\/wp\/v2\/types\/page"}],"author":[{"embeddable":true,"href":"https:\/\/home.graf-rasso-gymnasium.de\/home\/wp-json\/wp\/v2\/users\/2"}],"replies":[{"embeddable":true,"href":"https:\/\/home.graf-rasso-gymnasium.de\/home\/wp-json\/wp\/v2\/comments?post=9694"}],"version-history":[{"count":6,"href":"https:\/\/home.graf-rasso-gymnasium.de\/home\/wp-json\/wp\/v2\/pages\/9694\/revisions"}],"predecessor-version":[{"id":13633,"href":"https:\/\/home.graf-rasso-gymnasium.de\/home\/wp-json\/wp\/v2\/pages\/9694\/revisions\/13633"}],"up":[{"embeddable":true,"href":"https:\/\/home.graf-rasso-gymnasium.de\/home\/wp-json\/wp\/v2\/pages\/1653"}],"wp:attachment":[{"href":"https:\/\/home.graf-rasso-gymnasium.de\/home\/wp-json\/wp\/v2\/media?parent=9694"}],"curies":[{"name":"wp","href":"https:\/\/api.w.org\/{rel}","templated":true}]}}

<p><a href="https://home.graf-rasso-gymnasium.de/home/unsere-schule/digitale-bildung-am-grg/mebis/">Informationen zu Mebis</a></p>
<p>Alle Schulen in Bayern arbeiten zur Zeit an einem Medienkonzept, mit einem Mediencurriculum als wichtigstem Bestandteil. Hier sind einige Links zu diesem Thema:</p>
<ul>
<li><a href="https://www.kmk.org/themen/bildung-in-der-digitalen-welt/strategie-bildung-in-der-digitalen-welt.html">Vorstellung der Strategie Bildung in der digitalen Welt (KMK)</a></li>
<li><a href="https://www.kmk.org/fileadmin/Dateien/pdf/PresseUndAktuelles/2017/KMK_Kompetenzen_in_der_digitalen_Welt_-neu_26.07.2017.html">Überblick über digitale Kompetenzen (KMK)</a></li>
<li><a href="https://www.kmk.org/fileadmin/Dateien/pdf/PresseUndAktuelles/2018/Digitalstrategie_2017_mit_Weiterbildung.pdf">Strategiepapier ausführlich (pdf)</a></li>
<li><a href="https://www.mebis.bayern.de/medienkonzepte/leitfaden/aufbau/mediencurriculum/">Mediencurriculum Bayern</a></li>
</ul>

<p>Informationen zu Mebis Alle Schulen in Bayern arbeiten zur Zeit an einem Medienkonzept, mit einem Mediencurriculum als wichtigstem Bestandteil. Hier sind einige Links zu diesem Thema: Vorstellung der Strategie Bildung in der digitalen Welt (KMK) Überblick über digitale Kompetenzen (KMK) Strategiepapier ausführlich (pdf) Mediencurriculum Bayern</p>
